{"id":2428,"date":"2019-07-08T13:46:07","date_gmt":"2019-07-08T11:46:07","guid":{"rendered":"https:\/\/www.italksprachschule.ch\/?page_id=2428"},"modified":"2025-09-02T12:58:48","modified_gmt":"2025-09-02T10:58:48","slug":"telc-a2-deutsch-modelltest","status":"publish","type":"page","link":"https:\/\/italksprachschule.ch\/de\/telc-a2-deutsch-modelltest\/","title":{"rendered":"TELC A2 Start Deutsch Zertifikat"},"content":{"rendered":"\t\t<div data-elementor-type=\"wp-page\" data-elementor-id=\"2428\" class=\"elementor elementor-2428 elementor-2427\" data-elementor-post-type=\"page\">\n\t\t\t\t\t\t<section class=\"elementor-section elementor-top-section elementor-element elementor-element-6d9adb28 elementor-section-boxed elementor-section-height-default elementor-section-height-default\" data-id=\"6d9adb28\" data-element_type=\"section\" data-e-type=\"section\">\n\t\t\t\t\t\t<div class=\"elementor-container elementor-column-gap-default\">\n\t\t\t\t\t<div class=\"elementor-column elementor-col-100 elementor-top-column elementor-element elementor-element-2cac89f7\" data-id=\"2cac89f7\" data-element_type=\"column\" data-e-type=\"column\">\n\t\t\t<div class=\"elementor-widget-wrap elementor-element-populated\">\n\t\t\t\t\t\t<div class=\"elementor-element elementor-element-46b8939a elementor-widget elementor-widget-text-editor\" data-id=\"46b8939a\" data-element_type=\"widget\" data-e-type=\"widget\" data-widget_type=\"text-editor.default\">\n\t\t\t\t<div class=\"elementor-widget-container\">\n\t\t\t\t\t\t\t\t\t<p>Du m\u00f6chtest die Pr\u00fcfung A2 telc absolvieren? Hier findest du Tipps, Tricks, einen Modelltest und weitere Informationen \u00fcber die Pr\u00fcfung und Vorbereitung.<\/p><p>Auf der Stufe A2 kannst du einfache S\u00e4tze in typischen allt\u00e4glichen Situationen formulieren und kleine Gespr\u00e4che f\u00fchren.<br \/>Hier findest du den Modelltest A2:<\/p><div class=\"pdflinks\"><a href=\"https:\/\/forms.office.com\/e\/985gZUBwLp\" target=\"_blank\" rel=\"noopener\">TELC A2 Modelltest<\/a><\/div><p><br \/>In diesem Video erkl\u00e4ren wir dir, wie du den Test bestehst. Ausserdem gibt es hier Praxis\u00fcbungen:<\/p>\t\t\t\t\t\t\t\t<\/div>\n\t\t\t\t<\/div>\n\t\t\t\t<div class=\"elementor-element elementor-element-d1c1955 elementor-widget elementor-widget-button\" data-id=\"d1c1955\" data-element_type=\"widget\" data-e-type=\"widget\" data-widget_type=\"button.default\">\n\t\t\t\t<div class=\"elementor-widget-container\">\n\t\t\t\t\t\t\t\t\t<div class=\"elementor-button-wrapper\">\n\t\t\t\t\t<a class=\"elementor-button elementor-button-link elementor-size-sm\" href=\"https:\/\/italksprachschule.ch\/de\/enrol\/anmeldung-zu-einer-telc-prufung\/\">\n\t\t\t\t\t\t<span class=\"elementor-button-content-wrapper\">\n\t\t\t\t\t\t<span class=\"elementor-button-icon\">\n\t\t\t\t<i aria-hidden=\"true\" class=\"far fa-thumbs-up\"><\/i>\t\t\t<\/span>\n\t\t\t\t\t\t\t\t\t<span class=\"elementor-button-text\">Anmeldung zu einer telc Pr\u00fcfung<\/span>\n\t\t\t\t\t<\/span>\n\t\t\t\t\t<\/a>\n\t\t\t\t<\/div>\n\t\t\t\t\t\t\t\t<\/div>\n\t\t\t\t<\/div>\n\t\t\t\t<div class=\"elementor-element elementor-element-87339b5 elementor-widget elementor-widget-video\" data-id=\"87339b5\" data-element_type=\"widget\" data-e-type=\"widget\" data-settings=\"{&quot;youtube_url&quot;:&quot;https:\\\/\\\/www.youtube.com\\\/watch?v=z6DfoyzGWbk&quot;,&quot;video_type&quot;:&quot;youtube&quot;,&quot;controls&quot;:&quot;yes&quot;}\" data-widget_type=\"video.default\">\n\t\t\t\t<div class=\"elementor-widget-container\">\n\t\t\t\t\t\t\t<div class=\"elementor-wrapper elementor-open-inline\">\n\t\t\t<div class=\"elementor-video\"><\/div>\t\t<\/div>\n\t\t\t\t\t\t<\/div>\n\t\t\t\t<\/div>\n\t\t\t\t\t<\/div>\n\t\t<\/div>\n\t\t\t\t\t<\/div>\n\t\t<\/section>\n\t\t\t\t<section class=\"elementor-section elementor-top-section elementor-element elementor-element-11a56a7 elementor-section-boxed elementor-section-height-default elementor-section-height-default\" data-id=\"11a56a7\" data-element_type=\"section\" data-e-type=\"section\">\n\t\t\t\t\t\t<div class=\"elementor-container elementor-column-gap-default\">\n\t\t\t\t\t<div class=\"elementor-column elementor-col-100 elementor-top-column elementor-element elementor-element-a723af2\" data-id=\"a723af2\" data-element_type=\"column\" data-e-type=\"column\">\n\t\t\t<div class=\"elementor-widget-wrap elementor-element-populated\">\n\t\t\t\t\t\t<div class=\"elementor-element elementor-element-4cf1cb2 elementor-widget elementor-widget-html\" data-id=\"4cf1cb2\" data-element_type=\"widget\" data-e-type=\"widget\" data-widget_type=\"html.default\">\n\t\t\t\t<div class=\"elementor-widget-container\">\n\t\t\t\t\t<script src=\"https:\/\/static.elfsight.com\/platform\/platform.js\" async><\/script>\n<div class=\"elfsight-app-416a7fbc-689e-4b88-be46-5eb324761066\" data-elfsight-app-lazy><\/div>\t\t\t\t<\/div>\n\t\t\t\t<\/div>\n\t\t\t\t\t<\/div>\n\t\t<\/div>\n\t\t\t\t\t<\/div>\n\t\t<\/section>\n\t\t\t\t<\/div>\n\t\t","protected":false},"excerpt":{"rendered":"<p>Du m\u00f6chtest die Pr\u00fcfung A2 telc absolvieren? Hier findest du Tipps, Tricks, einen Modelltest und weitere Informationen \u00fcber die Pr\u00fcfung und Vorbereitung. Auf der Stufe A2 kannst du einfache S\u00e4tze in typischen allt\u00e4glichen Situationen formulieren und kleine Gespr\u00e4che f\u00fchren.Hier findest du den Modelltest A2: TELC A2 Modelltest In diesem Video erkl\u00e4ren wir dir, wie du [&hellip;]<\/p>\n","protected":false},"author":6,"featured_media":0,"parent":0,"menu_order":0,"comment_status":"closed","ping_status":"closed","template":"","meta":{"footnotes":""},"class_list":["post-2428","page","type-page","status-publish","hentry"],"_links":{"self":[{"href":"https:\/\/italksprachschule.ch\/de\/wp-json\/wp\/v2\/pages\/2428","targetHints":{"allow":["GET"]}}],"collection":[{"href":"https:\/\/italksprachschule.ch\/de\/wp-json\/wp\/v2\/pages"}],"about":[{"href":"https:\/\/italksprachschule.ch\/de\/wp-json\/wp\/v2\/types\/page"}],"author":[{"embeddable":true,"href":"https:\/\/italksprachschule.ch\/de\/wp-json\/wp\/v2\/users\/6"}],"replies":[{"embeddable":true,"href":"https:\/\/italksprachschule.ch\/de\/wp-json\/wp\/v2\/comments?post=2428"}],"version-history":[{"count":17,"href":"https:\/\/italksprachschule.ch\/de\/wp-json\/wp\/v2\/pages\/2428\/revisions"}],"predecessor-version":[{"id":10550,"href":"https:\/\/italksprachschule.ch\/de\/wp-json\/wp\/v2\/pages\/2428\/revisions\/10550"}],"wp:attachment":[{"href":"https:\/\/italksprachschule.ch\/de\/wp-json\/wp\/v2\/media?parent=2428"}],"curies":[{"name":"wp","href":"https:\/\/api.w.org\/{rel}","templated":true}]}}

<div data-elementor-type="wp-page" data-elementor-id="2428" class="elementor elementor-2428 elementor-2427" data-elementor-post-type="page">
						<section class="elementor-section elementor-top-section elementor-element elementor-element-6d9adb28 elementor-section-boxed elementor-section-height-default elementor-section-height-default" data-id="6d9adb28" data-element_type="section" data-e-type="section">
						<div class="elementor-container elementor-column-gap-default">
					<div class="elementor-column elementor-col-100 elementor-top-column elementor-element elementor-element-2cac89f7" data-id="2cac89f7" data-element_type="column" data-e-type="column">
			<div class="elementor-widget-wrap elementor-element-populated">
						<div class="elementor-element elementor-element-46b8939a elementor-widget elementor-widget-text-editor" data-id="46b8939a" data-element_type="widget" data-e-type="widget" data-widget_type="text-editor.default">
				<div class="elementor-widget-container">
									<p>Du möchtest die Prüfung A2 telc absolvieren? Hier findest du Tipps, Tricks, einen Modelltest und weitere Informationen über die Prüfung und Vorbereitung.</p><p>Auf der Stufe A2 kannst du einfache Sätze in typischen alltäglichen Situationen formulieren und kleine Gespräche führen.<br />Hier findest du den Modelltest A2:</p><div class="pdflinks"><a href="https://forms.office.com/e/985gZUBwLp" target="_blank" rel="noopener">TELC A2 Modelltest</a></div><p><br />In diesem Video erklären wir dir, wie du den Test bestehst. Ausserdem gibt es hier Praxisübungen:</p>								</div>
				</div>
				<div class="elementor-element elementor-element-d1c1955 elementor-widget elementor-widget-button" data-id="d1c1955" data-element_type="widget" data-e-type="widget" data-widget_type="button.default">
				<div class="elementor-widget-container">
									<div class="elementor-button-wrapper">
					<a class="elementor-button elementor-button-link elementor-size-sm" href="https://italksprachschule.ch/de/enrol/anmeldung-zu-einer-telc-prufung/">
						<span class="elementor-button-content-wrapper">
						<span class="elementor-button-icon">
				<i aria-hidden="true" class="far fa-thumbs-up"></i>			</span>
									<span class="elementor-button-text">Anmeldung zu einer telc Prüfung</span>
					</span>
					</a>
				</div>
								</div>
				</div>
				<div class="elementor-element elementor-element-87339b5 elementor-widget elementor-widget-video" data-id="87339b5" data-element_type="widget" data-e-type="widget" data-settings="{&quot;youtube_url&quot;:&quot;https:\/\/www.youtube.com\/watch?v=z6DfoyzGWbk&quot;,&quot;video_type&quot;:&quot;youtube&quot;,&quot;controls&quot;:&quot;yes&quot;}" data-widget_type="video.default">
				<div class="elementor-widget-container">
							<div class="elementor-wrapper elementor-open-inline">
			<div class="elementor-video"></div>		</div>
						</div>
				</div>
					</div>
		</div>
					</div>
		</section>
				<section class="elementor-section elementor-top-section elementor-element elementor-element-11a56a7 elementor-section-boxed elementor-section-height-default elementor-section-height-default" data-id="11a56a7" data-element_type="section" data-e-type="section">
						<div class="elementor-container elementor-column-gap-default">
					<div class="elementor-column elementor-col-100 elementor-top-column elementor-element elementor-element-a723af2" data-id="a723af2" data-element_type="column" data-e-type="column">
			<div class="elementor-widget-wrap elementor-element-populated">
						<div class="elementor-element elementor-element-4cf1cb2 elementor-widget elementor-widget-html" data-id="4cf1cb2" data-element_type="widget" data-e-type="widget" data-widget_type="html.default">
				<div class="elementor-widget-container">
					<script src="https://static.elfsight.com/platform/platform.js" async></script>
<div class="elfsight-app-416a7fbc-689e-4b88-be46-5eb324761066" data-elfsight-app-lazy></div>				</div>
				</div>
					</div>
		</div>
					</div>
		</section>
				</div>

<p>Du möchtest die Prüfung A2 telc absolvieren? Hier findest du Tipps, Tricks, einen Modelltest und weitere Informationen über die Prüfung und Vorbereitung. Auf der Stufe A2 kannst du einfache Sätze in typischen alltäglichen Situationen formulieren und kleine Gespräche führen.Hier findest du den Modelltest A2: TELC A2 Modelltest In diesem Video erklären wir dir, wie du [&hellip;]</p>
