{"id":4027,"date":"2021-01-12T13:15:27","date_gmt":"2021-01-12T11:15:27","guid":{"rendered":"http:\/\/italksprachschule.ch\/test-your-level-2\/"},"modified":"2026-01-27T22:14:57","modified_gmt":"2026-01-27T20:14:57","slug":"niveautest","status":"publish","type":"page","link":"https:\/\/italksprachschule.ch\/de\/niveautest\/","title":{"rendered":"Telc Deutsch-Pr\u00fcfung: Interaktive Modelltests f\u00fcr jedes Niveau"},"content":{"rendered":"\t\t<div data-elementor-type=\"wp-page\" data-elementor-id=\"4027\" class=\"elementor elementor-4027 elementor-4022\" data-elementor-post-type=\"page\">\n\t\t\t\t\t\t<section class=\"elementor-section elementor-top-section elementor-element elementor-element-2ecc0e3 elementor-section-boxed elementor-section-height-default elementor-section-height-default\" data-id=\"2ecc0e3\" data-element_type=\"section\" data-e-type=\"section\">\n\t\t\t\t\t\t<div class=\"elementor-container elementor-column-gap-wider\">\n\t\t\t\t\t<div class=\"elementor-column elementor-col-50 elementor-top-column elementor-element elementor-element-643be3b\" data-id=\"643be3b\" data-element_type=\"column\" data-e-type=\"column\">\n\t\t\t<div class=\"elementor-widget-wrap elementor-element-populated\">\n\t\t\t\t\t\t<div class=\"elementor-element elementor-element-f22768c elementor-widget elementor-widget-text-editor\" data-id=\"f22768c\" data-element_type=\"widget\" data-e-type=\"widget\" data-widget_type=\"text-editor.default\">\n\t\t\t\t<div class=\"elementor-widget-container\">\n\t\t\t\t\t\t\t\t\t<h2>Deutschkurse<\/h2>\n<p><a href=\"https:\/\/forms.gle\/bG7JKhBdWcLyJRKP7\" target=\"_blank\" rel=\"noopener\"><strong>A1: Klicken Sie hier f\u00fcr Test 1<\/strong><\/a><br \/><a href=\"https:\/\/forms.gle\/MBqZhmegN2rzKRLy6\" target=\"_blank\" rel=\"noopener\"><strong>A2: Klicken Sie hier f\u00fcr Test 2<\/strong><\/a><br \/><a href=\"https:\/\/forms.gle\/TUhohz2vyuirgtxC8\" target=\"_blank\" rel=\"noopener\"><strong>B1: Klicken Sie hier f\u00fcr Test 3<\/strong><\/a><\/p>\n<p><a href=\"https:\/\/einstufungstests.klett-sprachen.de\/einstufung\/index.php?questname=aspekte&amp;questclass=B2\" target=\"_blank\" rel=\"noopener noreferrer\"><strong>B2: Klicken Sie hier f\u00fcr Test 4<\/strong><\/a><br \/><a href=\"https:\/\/einstufungstests.klett-sprachen.de\/einstufung\/index.php?questname=aspekte&amp;questclass=C1\" target=\"_blank\" rel=\"noopener noreferrer\"><strong>C1: Klicken Sie hier f\u00fcr Test 5<\/strong><\/a><\/p>\n<h2>Englischkurse<\/h2>\n<p><a href=\"https:\/\/forms.gle\/omWNDYEyR2bnJXDa6\" target=\"_blank\" rel=\"noopener\"><strong>Beginner: Klicken Sie hier<\/strong><\/a><br \/><a href=\"https:\/\/forms.gle\/HbCuXZZVsEhDPM2e9\" target=\"_blank\" rel=\"noopener\"><strong>Pre-Intermediate: Klicken Sie hier<\/strong><\/a><br \/><a href=\"https:\/\/forms.gle\/WunAduahWNbzbZKr5\" target=\"_blank\" rel=\"noopener\"><strong>Intermediate: Klicken Sie hier<\/strong><\/a><br \/><a href=\"https:\/\/forms.gle\/G2uD1SnFN6Dgn1uh6\" target=\"_blank\" rel=\"noopener\"><strong>Advanced: Klicken Sie hier<\/strong><\/a><\/p>\n<p>Eine unserer Lehrpersonen wird sich bei dir melden, um genau zu besprechen, welcher Kurs am besten zu dir passt.<\/p>\n<p>Solltest du innerhalb von 24 Stunden keine R\u00fcckmeldung von uns erhalten haben, so rufe uns bitte unter folgender Nummer an:<\/p>\n<p><a class=\"value\" href=\"tel:0041445500909\">0041 44 550 09 09<\/a><\/p>\n<p>Kontaktiere uns unter der E-Mail-Adresse:<br \/><a href=\"mailto:info@italksprachschule.ch\">info@italksprachschule.ch<\/a><\/p>\n<p>Bevor wir den Interessierten einen Kursplatz in unserer Schule anbieten k\u00f6nnen, m\u00fcssen wir ihr aktuelles Sprachniveau \u00fcberpr\u00fcfen. Es ist unser Ziel, homogene Gruppen f\u00fcr jedes Niveau zu bilden. Am Ende jedes Kurses m\u00fcssen Sie eine Abschlusspr\u00fcfung ablegen, um den Folgekurs besuchen zu k\u00f6nnen.<\/p>\n<p>Bei der Gesamtzahl der Teilnehmenden, die von 2017 bis heute in unseren Kursen eingeschrieben waren, lag die Durchschnittsnote der Abschlusspr\u00fcfung bei 86%. Unsere Abschlusspr\u00fcfung basiert auf einer verk\u00fcrzten TELC-Pr\u00fcfung.<\/p>\n<p>Die TELC-Pr\u00fcfung kann bis zu f\u00fcnf Stunden dauern, was eine besondere Vorbereitung erfordert, w\u00e4hrend unsere Pr\u00fcfung nur eine Stunde dauert. Wir befolgen auch die Richtlinien des Gemeinsamen Europ\u00e4ischen Referenzrahmens f\u00fcr Sprachen in Bezug auf die Pr\u00fcfungen.<\/p>\n\t\t\t\t\t\t\t\t<\/div>\n\t\t\t\t<\/div>\n\t\t\t\t\t<\/div>\n\t\t<\/div>\n\t\t\t\t<div class=\"elementor-column elementor-col-50 elementor-top-column elementor-element elementor-element-5abc08d\" data-id=\"5abc08d\" data-element_type=\"column\" data-e-type=\"column\">\n\t\t\t<div class=\"elementor-widget-wrap elementor-element-populated\">\n\t\t\t\t\t\t<div class=\"elementor-element elementor-element-597f44f elementor-widget elementor-widget-image\" data-id=\"597f44f\" data-element_type=\"widget\" data-e-type=\"widget\" data-widget_type=\"image.default\">\n\t\t\t\t<div class=\"elementor-widget-container\">\n\t\t\t\t\t\t\t\t\t\t\t\t\t\t\t<img fetchpriority=\"high\" decoding=\"async\" width=\"800\" height=\"600\" src=\"https:\/\/italksprachschule.ch\/wp-content\/uploads\/2019\/02\/UNADJUSTEDNONRAW_thumb_53-1024x768.jpg\" class=\"attachment-large size-large wp-image-1334\" alt=\"\" srcset=\"https:\/\/italksprachschule.ch\/wp-content\/uploads\/2019\/02\/UNADJUSTEDNONRAW_thumb_53.jpg 1024w, https:\/\/italksprachschule.ch\/wp-content\/uploads\/2019\/02\/UNADJUSTEDNONRAW_thumb_53-460x345.jpg 460w, https:\/\/italksprachschule.ch\/wp-content\/uploads\/2019\/02\/UNADJUSTEDNONRAW_thumb_53-768x576.jpg 768w, https:\/\/italksprachschule.ch\/wp-content\/uploads\/2019\/02\/UNADJUSTEDNONRAW_thumb_53-120x90.jpg 120w, https:\/\/italksprachschule.ch\/wp-content\/uploads\/2019\/02\/UNADJUSTEDNONRAW_thumb_53-310x233.jpg 310w\" sizes=\"(max-width: 800px) 100vw, 800px\" \/>\t\t\t\t\t\t\t\t\t\t\t\t\t\t\t<\/div>\n\t\t\t\t<\/div>\n\t\t\t\t<div class=\"elementor-element elementor-element-ee829e4 elementor-widget elementor-widget-image\" data-id=\"ee829e4\" data-element_type=\"widget\" data-e-type=\"widget\" data-widget_type=\"image.default\">\n\t\t\t\t<div class=\"elementor-widget-container\">\n\t\t\t\t\t\t\t\t\t\t\t\t\t\t\t<img decoding=\"async\" width=\"800\" height=\"267\" src=\"https:\/\/italksprachschule.ch\/wp-content\/uploads\/2019\/03\/italk4-1024x342.jpg\" class=\"attachment-large size-large wp-image-1565\" alt=\"\" srcset=\"https:\/\/italksprachschule.ch\/wp-content\/uploads\/2019\/03\/italk4-1024x342.jpg 1024w, https:\/\/italksprachschule.ch\/wp-content\/uploads\/2019\/03\/italk4-460x154.jpg 460w, https:\/\/italksprachschule.ch\/wp-content\/uploads\/2019\/03\/italk4-768x257.jpg 768w, https:\/\/italksprachschule.ch\/wp-content\/uploads\/2019\/03\/italk4-120x40.jpg 120w, https:\/\/italksprachschule.ch\/wp-content\/uploads\/2019\/03\/italk4-310x104.jpg 310w, https:\/\/italksprachschule.ch\/wp-content\/uploads\/2019\/03\/italk4.jpg 1600w\" sizes=\"(max-width: 800px) 100vw, 800px\" \/>\t\t\t\t\t\t\t\t\t\t\t\t\t\t\t<\/div>\n\t\t\t\t<\/div>\n\t\t\t\t<div class=\"elementor-element elementor-element-81db8ee elementor-widget elementor-widget-image\" data-id=\"81db8ee\" data-element_type=\"widget\" data-e-type=\"widget\" data-widget_type=\"image.default\">\n\t\t\t\t<div class=\"elementor-widget-container\">\n\t\t\t\t\t\t\t\t\t\t\t\t\t\t\t<img decoding=\"async\" width=\"800\" height=\"433\" src=\"https:\/\/italksprachschule.ch\/wp-content\/uploads\/2018\/02\/home-end-class-1024x554.jpg\" class=\"attachment-large size-large wp-image-3924\" alt=\"italk school graduated students\" srcset=\"https:\/\/italksprachschule.ch\/wp-content\/uploads\/2018\/02\/home-end-class-1024x554.jpg 1024w, https:\/\/italksprachschule.ch\/wp-content\/uploads\/2018\/02\/home-end-class-460x249.jpg 460w, https:\/\/italksprachschule.ch\/wp-content\/uploads\/2018\/02\/home-end-class-768x416.jpg 768w, https:\/\/italksprachschule.ch\/wp-content\/uploads\/2018\/02\/home-end-class-600x325.jpg 600w, https:\/\/italksprachschule.ch\/wp-content\/uploads\/2018\/02\/home-end-class-120x65.jpg 120w, https:\/\/italksprachschule.ch\/wp-content\/uploads\/2018\/02\/home-end-class-310x168.jpg 310w, https:\/\/italksprachschule.ch\/wp-content\/uploads\/2018\/02\/home-end-class.jpg 1699w\" sizes=\"(max-width: 800px) 100vw, 800px\" \/>\t\t\t\t\t\t\t\t\t\t\t\t\t\t\t<\/div>\n\t\t\t\t<\/div>\n\t\t\t\t\t<\/div>\n\t\t<\/div>\n\t\t\t\t\t<\/div>\n\t\t<\/section>\n\t\t\t\t<\/div>\n\t\t","protected":false},"excerpt":{"rendered":"<p>Deutschkurse A1: Klicken Sie hier f\u00fcr Test 1A2: Klicken Sie hier f\u00fcr Test 2B1: Klicken Sie hier f\u00fcr Test 3 B2: Klicken Sie hier f\u00fcr Test 4C1: Klicken Sie hier f\u00fcr Test 5 Englischkurse Beginner: Klicken Sie hierPre-Intermediate: Klicken Sie hierIntermediate: Klicken Sie hierAdvanced: Klicken Sie hier Eine unserer Lehrpersonen wird sich bei dir melden, [&hellip;]<\/p>\n","protected":false},"author":6,"featured_media":0,"parent":0,"menu_order":0,"comment_status":"closed","ping_status":"closed","template":"","meta":{"footnotes":""},"class_list":["post-4027","page","type-page","status-publish","hentry"],"_links":{"self":[{"href":"https:\/\/italksprachschule.ch\/de\/wp-json\/wp\/v2\/pages\/4027","targetHints":{"allow":["GET"]}}],"collection":[{"href":"https:\/\/italksprachschule.ch\/de\/wp-json\/wp\/v2\/pages"}],"about":[{"href":"https:\/\/italksprachschule.ch\/de\/wp-json\/wp\/v2\/types\/page"}],"author":[{"embeddable":true,"href":"https:\/\/italksprachschule.ch\/de\/wp-json\/wp\/v2\/users\/6"}],"replies":[{"embeddable":true,"href":"https:\/\/italksprachschule.ch\/de\/wp-json\/wp\/v2\/comments?post=4027"}],"version-history":[{"count":24,"href":"https:\/\/italksprachschule.ch\/de\/wp-json\/wp\/v2\/pages\/4027\/revisions"}],"predecessor-version":[{"id":11805,"href":"https:\/\/italksprachschule.ch\/de\/wp-json\/wp\/v2\/pages\/4027\/revisions\/11805"}],"wp:attachment":[{"href":"https:\/\/italksprachschule.ch\/de\/wp-json\/wp\/v2\/media?parent=4027"}],"curies":[{"name":"wp","href":"https:\/\/api.w.org\/{rel}","templated":true}]}}

Telc Deutsch-Prüfung: Interaktive Modelltests für jedes Niveau

<div data-elementor-type="wp-page" data-elementor-id="4027" class="elementor elementor-4027 elementor-4022" data-elementor-post-type="page">
						<section class="elementor-section elementor-top-section elementor-element elementor-element-2ecc0e3 elementor-section-boxed elementor-section-height-default elementor-section-height-default" data-id="2ecc0e3" data-element_type="section" data-e-type="section">
						<div class="elementor-container elementor-column-gap-wider">
					<div class="elementor-column elementor-col-50 elementor-top-column elementor-element elementor-element-643be3b" data-id="643be3b" data-element_type="column" data-e-type="column">
			<div class="elementor-widget-wrap elementor-element-populated">
						<div class="elementor-element elementor-element-f22768c elementor-widget elementor-widget-text-editor" data-id="f22768c" data-element_type="widget" data-e-type="widget" data-widget_type="text-editor.default">
				<div class="elementor-widget-container">
									<h2>Deutschkurse</h2>
<p><a href="https://forms.gle/bG7JKhBdWcLyJRKP7" target="_blank" rel="noopener"><strong>A1: Klicken Sie hier für Test 1</strong></a><br /><a href="https://forms.gle/MBqZhmegN2rzKRLy6" target="_blank" rel="noopener"><strong>A2: Klicken Sie hier für Test 2</strong></a><br /><a href="https://forms.gle/TUhohz2vyuirgtxC8" target="_blank" rel="noopener"><strong>B1: Klicken Sie hier für Test 3</strong></a></p>
<p><a href="https://einstufungstests.klett-sprachen.de/einstufung/index.php?questname=aspekte&amp;questclass=B2" target="_blank" rel="noopener noreferrer"><strong>B2: Klicken Sie hier für Test 4</strong></a><br /><a href="https://einstufungstests.klett-sprachen.de/einstufung/index.php?questname=aspekte&amp;questclass=C1" target="_blank" rel="noopener noreferrer"><strong>C1: Klicken Sie hier für Test 5</strong></a></p>
<h2>Englischkurse</h2>
<p><a href="https://forms.gle/omWNDYEyR2bnJXDa6" target="_blank" rel="noopener"><strong>Beginner: Klicken Sie hier</strong></a><br /><a href="https://forms.gle/HbCuXZZVsEhDPM2e9" target="_blank" rel="noopener"><strong>Pre-Intermediate: Klicken Sie hier</strong></a><br /><a href="https://forms.gle/WunAduahWNbzbZKr5" target="_blank" rel="noopener"><strong>Intermediate: Klicken Sie hier</strong></a><br /><a href="https://forms.gle/G2uD1SnFN6Dgn1uh6" target="_blank" rel="noopener"><strong>Advanced: Klicken Sie hier</strong></a></p>
<p>Eine unserer Lehrpersonen wird sich bei dir melden, um genau zu besprechen, welcher Kurs am besten zu dir passt.</p>
<p>Solltest du innerhalb von 24 Stunden keine Rückmeldung von uns erhalten haben, so rufe uns bitte unter folgender Nummer an:</p>
<p><a class="value" href="tel:0041445500909">0041 44 550 09 09</a></p>
<p>Kontaktiere uns unter der E-Mail-Adresse:<br /><a href="mailto:info@italksprachschule.ch">info@italksprachschule.ch</a></p>
<p>Bevor wir den Interessierten einen Kursplatz in unserer Schule anbieten können, müssen wir ihr aktuelles Sprachniveau überprüfen. Es ist unser Ziel, homogene Gruppen für jedes Niveau zu bilden. Am Ende jedes Kurses müssen Sie eine Abschlussprüfung ablegen, um den Folgekurs besuchen zu können.</p>
<p>Bei der Gesamtzahl der Teilnehmenden, die von 2017 bis heute in unseren Kursen eingeschrieben waren, lag die Durchschnittsnote der Abschlussprüfung bei 86%. Unsere Abschlussprüfung basiert auf einer verkürzten TELC-Prüfung.</p>
<p>Die TELC-Prüfung kann bis zu fünf Stunden dauern, was eine besondere Vorbereitung erfordert, während unsere Prüfung nur eine Stunde dauert. Wir befolgen auch die Richtlinien des Gemeinsamen Europäischen Referenzrahmens für Sprachen in Bezug auf die Prüfungen.</p>
								</div>
				</div>
					</div>
		</div>
				<div class="elementor-column elementor-col-50 elementor-top-column elementor-element elementor-element-5abc08d" data-id="5abc08d" data-element_type="column" data-e-type="column">
			<div class="elementor-widget-wrap elementor-element-populated">
						<div class="elementor-element elementor-element-597f44f elementor-widget elementor-widget-image" data-id="597f44f" data-element_type="widget" data-e-type="widget" data-widget_type="image.default">
				<div class="elementor-widget-container">
															<img fetchpriority="high" decoding="async" width="800" height="600" src="https://italksprachschule.ch/wp-content/uploads/2019/02/UNADJUSTEDNONRAW_thumb_53-1024x768.jpg" class="attachment-large size-large wp-image-1334" alt="" srcset="https://italksprachschule.ch/wp-content/uploads/2019/02/UNADJUSTEDNONRAW_thumb_53.jpg 1024w, https://italksprachschule.ch/wp-content/uploads/2019/02/UNADJUSTEDNONRAW_thumb_53-460x345.jpg 460w, https://italksprachschule.ch/wp-content/uploads/2019/02/UNADJUSTEDNONRAW_thumb_53-768x576.jpg 768w, https://italksprachschule.ch/wp-content/uploads/2019/02/UNADJUSTEDNONRAW_thumb_53-120x90.jpg 120w, https://italksprachschule.ch/wp-content/uploads/2019/02/UNADJUSTEDNONRAW_thumb_53-310x233.jpg 310w" sizes="(max-width: 800px) 100vw, 800px" />															</div>
				</div>
				<div class="elementor-element elementor-element-ee829e4 elementor-widget elementor-widget-image" data-id="ee829e4" data-element_type="widget" data-e-type="widget" data-widget_type="image.default">
				<div class="elementor-widget-container">
															<img decoding="async" width="800" height="267" src="https://italksprachschule.ch/wp-content/uploads/2019/03/italk4-1024x342.jpg" class="attachment-large size-large wp-image-1565" alt="" srcset="https://italksprachschule.ch/wp-content/uploads/2019/03/italk4-1024x342.jpg 1024w, https://italksprachschule.ch/wp-content/uploads/2019/03/italk4-460x154.jpg 460w, https://italksprachschule.ch/wp-content/uploads/2019/03/italk4-768x257.jpg 768w, https://italksprachschule.ch/wp-content/uploads/2019/03/italk4-120x40.jpg 120w, https://italksprachschule.ch/wp-content/uploads/2019/03/italk4-310x104.jpg 310w, https://italksprachschule.ch/wp-content/uploads/2019/03/italk4.jpg 1600w" sizes="(max-width: 800px) 100vw, 800px" />															</div>
				</div>
				<div class="elementor-element elementor-element-81db8ee elementor-widget elementor-widget-image" data-id="81db8ee" data-element_type="widget" data-e-type="widget" data-widget_type="image.default">
				<div class="elementor-widget-container">
															<img decoding="async" width="800" height="433" src="https://italksprachschule.ch/wp-content/uploads/2018/02/home-end-class-1024x554.jpg" class="attachment-large size-large wp-image-3924" alt="italk school graduated students" srcset="https://italksprachschule.ch/wp-content/uploads/2018/02/home-end-class-1024x554.jpg 1024w, https://italksprachschule.ch/wp-content/uploads/2018/02/home-end-class-460x249.jpg 460w, https://italksprachschule.ch/wp-content/uploads/2018/02/home-end-class-768x416.jpg 768w, https://italksprachschule.ch/wp-content/uploads/2018/02/home-end-class-600x325.jpg 600w, https://italksprachschule.ch/wp-content/uploads/2018/02/home-end-class-120x65.jpg 120w, https://italksprachschule.ch/wp-content/uploads/2018/02/home-end-class-310x168.jpg 310w, https://italksprachschule.ch/wp-content/uploads/2018/02/home-end-class.jpg 1699w" sizes="(max-width: 800px) 100vw, 800px" />															</div>
				</div>
					</div>
		</div>
					</div>
		</section>
				</div>

<p>Deutschkurse A1: Klicken Sie hier für Test 1A2: Klicken Sie hier für Test 2B1: Klicken Sie hier für Test 3 B2: Klicken Sie hier für Test 4C1: Klicken Sie hier für Test 5 Englischkurse Beginner: Klicken Sie hierPre-Intermediate: Klicken Sie hierIntermediate: Klicken Sie hierAdvanced: Klicken Sie hier Eine unserer Lehrpersonen wird sich bei dir melden, [&hellip;]</p>
