{"id":6314,"date":"2023-11-07T15:30:42","date_gmt":"2023-11-07T13:30:42","guid":{"rendered":"https:\/\/italksprachschule.ch\/grammatik\/"},"modified":"2025-09-05T11:31:53","modified_gmt":"2025-09-05T09:31:53","slug":"grammatik","status":"publish","type":"page","link":"https:\/\/italksprachschule.ch\/de\/ubungen\/grammatik\/","title":{"rendered":"Grammatik"},"content":{"rendered":"\t\t<div data-elementor-type=\"wp-page\" data-elementor-id=\"6314\" class=\"elementor elementor-6314 elementor-2003\" data-elementor-post-type=\"page\">\n\t\t\t\t\t\t<section class=\"elementor-section elementor-top-section elementor-element elementor-element-3fa1f849 elementor-section-boxed elementor-section-height-default elementor-section-height-default\" data-id=\"3fa1f849\" data-element_type=\"section\" data-e-type=\"section\">\n\t\t\t\t\t\t<div class=\"elementor-container elementor-column-gap-default\">\n\t\t\t\t\t<div class=\"elementor-column elementor-col-100 elementor-top-column elementor-element elementor-element-53c69ac9\" data-id=\"53c69ac9\" data-element_type=\"column\" data-e-type=\"column\">\n\t\t\t<div class=\"elementor-widget-wrap elementor-element-populated\">\n\t\t\t\t\t\t<div class=\"elementor-element elementor-element-3c60f83d elementor-widget elementor-widget-text-editor\" data-id=\"3c60f83d\" data-element_type=\"widget\" data-e-type=\"widget\" data-widget_type=\"text-editor.default\">\n\t\t\t\t<div class=\"elementor-widget-container\">\n\t\t\t\t\t\t\t\t\t<div class=\"pdflinks\">\n<p>Du hast Schwierigkeiten mit der deutschen Grammatik? Hier haben wir f\u00fcr dich viele praktische Materialien vorbereitet, die dir dabei helfen, die Logik der Sprache zu verstehen und sich die Regeln besser zu merken. Mit Hilfe der \u00dcbungen kannst du ausserdem das Gelernte wiederholen und festigen. Viel Erfolg!<\/p>\n<h2><a href=\"https:\/\/italksprachschule.ch\/de\/ubungen\/grammatik\/konjugation\/\">Konjugation der Verben<\/a><\/h2>\n<p>Ich fahre, aber du f\u00e4hrst. Ich spreche, aber du sprichst. Warum? Hier erkl\u00e4ren wir dir die Grundprinzipien der Konjugation der Verben in der deutschen Sprache.<\/p>\n<h2><a href=\"https:\/\/italksprachschule.ch\/de\/ubungen\/grammatik\/zeitformen\/\">Zeitformen der Verben<\/a><\/h2>\n<p>Pr\u00e4sens? Pr\u00e4teritum? Plusquamperfekt? Was ist das? Erfahre mehr und mache die \u00dcbungen zu verschiedenen Zeitformen.<\/p>\n<h2><a href=\"https:\/\/italksprachschule.ch\/de\/ubungen\/grammatik\/dativ-oder-akkusativ\/\">Verben mit Akkusativ und Dativ<\/a><\/h2>\n<p>Ich verstehe dich oder dir? Wann benutzen wir Akkusativ, wann Dativ? Wir erkl\u00e4ren dir das hier!<\/p>\n<h2><a href=\"https:\/\/italksprachschule.ch\/de\/ubungen\/grammatik\/verben-mit-prapositionen\/\">Verben mit Pr\u00e4positionen<\/a><\/h2>\n<p>Hier findest du Materialien zu den Verben, die eine Pr\u00e4position brauchen. Die \u00dcbungen helfen dir dabei, die Pr\u00e4positionen besser zu lernen.<\/p>\n<h2><a href=\"https:\/\/italksprachschule.ch\/de\/ubungen\/grammatik\/adjektive\/\">Adjektive<\/a><\/h2>\n<p>Sch\u00f6nes oder sch\u00f6ne Wochenende? Nach diesen \u00dcbungen weisst du mehr \u00fcber die Adjektive<\/p>\n<h2><a href=\"https:\/\/italksprachschule.ch\/de\/ubungen\/grammatik\/substantive\/\">Substantive<\/a><\/h2>\n<p>Der? Die? Das? Wie kann man alle diese Artikel kennen? Wir k\u00f6nnen dir helfen!<\/p>\n<h2><a href=\"https:\/\/italksprachschule.ch\/de\/ubungen\/grammatik\/konnektoren\/\">Konnektoren<\/a><\/h2>\n<p>Es ist sch\u00f6n, wenn wir S\u00e4tze mit Konnektoren verbinden. Doch welche Konnektoren sollst du wann benutzen? Und wo steht das Verb? Erfahre mehr hier!<\/p>\n<h2><a href=\"https:\/\/italksprachschule.ch\/de\/ubungen\/grammatik\/typische-grammatikfehler\/\">Hilfe bei typischen Grammatikfehlern<\/a><\/h2>\n<p>Wenn man eine neue Sprache lernt, macht man oft Fehler. Aber keine Panik! Nachdem du diese Materialien studiert hast, weisst du ganz genau, wie du korrekt sprichst. Weg mit den typischen Fehlern!<\/p>\n<\/div>\n\t\t\t\t\t\t\t\t<\/div>\n\t\t\t\t<\/div>\n\t\t\t\t\t<\/div>\n\t\t<\/div>\n\t\t\t\t\t<\/div>\n\t\t<\/section>\n\t\t\t\t<\/div>\n\t\t","protected":false},"excerpt":{"rendered":"<p>Du hast Schwierigkeiten mit der deutschen Grammatik? Hier haben wir f\u00fcr dich viele praktische Materialien vorbereitet, die dir dabei helfen, die Logik der Sprache zu verstehen und sich die Regeln besser zu merken. Mit Hilfe der \u00dcbungen kannst du ausserdem das Gelernte wiederholen und festigen. Viel Erfolg! Konjugation der Verben Ich fahre, aber du f\u00e4hrst. [&hellip;]<\/p>\n","protected":false},"author":6,"featured_media":0,"parent":6360,"menu_order":0,"comment_status":"closed","ping_status":"closed","template":"","meta":{"footnotes":""},"class_list":["post-6314","page","type-page","status-publish","hentry"],"_links":{"self":[{"href":"https:\/\/italksprachschule.ch\/de\/wp-json\/wp\/v2\/pages\/6314","targetHints":{"allow":["GET"]}}],"collection":[{"href":"https:\/\/italksprachschule.ch\/de\/wp-json\/wp\/v2\/pages"}],"about":[{"href":"https:\/\/italksprachschule.ch\/de\/wp-json\/wp\/v2\/types\/page"}],"author":[{"embeddable":true,"href":"https:\/\/italksprachschule.ch\/de\/wp-json\/wp\/v2\/users\/6"}],"replies":[{"embeddable":true,"href":"https:\/\/italksprachschule.ch\/de\/wp-json\/wp\/v2\/comments?post=6314"}],"version-history":[{"count":4,"href":"https:\/\/italksprachschule.ch\/de\/wp-json\/wp\/v2\/pages\/6314\/revisions"}],"predecessor-version":[{"id":10670,"href":"https:\/\/italksprachschule.ch\/de\/wp-json\/wp\/v2\/pages\/6314\/revisions\/10670"}],"up":[{"embeddable":true,"href":"https:\/\/italksprachschule.ch\/de\/wp-json\/wp\/v2\/pages\/6360"}],"wp:attachment":[{"href":"https:\/\/italksprachschule.ch\/de\/wp-json\/wp\/v2\/media?parent=6314"}],"curies":[{"name":"wp","href":"https:\/\/api.w.org\/{rel}","templated":true}]}}

<div data-elementor-type="wp-page" data-elementor-id="6314" class="elementor elementor-6314 elementor-2003" data-elementor-post-type="page">
						<section class="elementor-section elementor-top-section elementor-element elementor-element-3fa1f849 elementor-section-boxed elementor-section-height-default elementor-section-height-default" data-id="3fa1f849" data-element_type="section" data-e-type="section">
						<div class="elementor-container elementor-column-gap-default">
					<div class="elementor-column elementor-col-100 elementor-top-column elementor-element elementor-element-53c69ac9" data-id="53c69ac9" data-element_type="column" data-e-type="column">
			<div class="elementor-widget-wrap elementor-element-populated">
						<div class="elementor-element elementor-element-3c60f83d elementor-widget elementor-widget-text-editor" data-id="3c60f83d" data-element_type="widget" data-e-type="widget" data-widget_type="text-editor.default">
				<div class="elementor-widget-container">
									<div class="pdflinks">
<p>Du hast Schwierigkeiten mit der deutschen Grammatik? Hier haben wir für dich viele praktische Materialien vorbereitet, die dir dabei helfen, die Logik der Sprache zu verstehen und sich die Regeln besser zu merken. Mit Hilfe der Übungen kannst du ausserdem das Gelernte wiederholen und festigen. Viel Erfolg!</p>
<h2><a href="https://italksprachschule.ch/de/ubungen/grammatik/konjugation/">Konjugation der Verben</a></h2>
<p>Ich fahre, aber du fährst. Ich spreche, aber du sprichst. Warum? Hier erklären wir dir die Grundprinzipien der Konjugation der Verben in der deutschen Sprache.</p>
<h2><a href="https://italksprachschule.ch/de/ubungen/grammatik/zeitformen/">Zeitformen der Verben</a></h2>
<p>Präsens? Präteritum? Plusquamperfekt? Was ist das? Erfahre mehr und mache die Übungen zu verschiedenen Zeitformen.</p>
<h2><a href="https://italksprachschule.ch/de/ubungen/grammatik/dativ-oder-akkusativ/">Verben mit Akkusativ und Dativ</a></h2>
<p>Ich verstehe dich oder dir? Wann benutzen wir Akkusativ, wann Dativ? Wir erklären dir das hier!</p>
<h2><a href="https://italksprachschule.ch/de/ubungen/grammatik/verben-mit-prapositionen/">Verben mit Präpositionen</a></h2>
<p>Hier findest du Materialien zu den Verben, die eine Präposition brauchen. Die Übungen helfen dir dabei, die Präpositionen besser zu lernen.</p>
<h2><a href="https://italksprachschule.ch/de/ubungen/grammatik/adjektive/">Adjektive</a></h2>
<p>Schönes oder schöne Wochenende? Nach diesen Übungen weisst du mehr über die Adjektive</p>
<h2><a href="https://italksprachschule.ch/de/ubungen/grammatik/substantive/">Substantive</a></h2>
<p>Der? Die? Das? Wie kann man alle diese Artikel kennen? Wir können dir helfen!</p>
<h2><a href="https://italksprachschule.ch/de/ubungen/grammatik/konnektoren/">Konnektoren</a></h2>
<p>Es ist schön, wenn wir Sätze mit Konnektoren verbinden. Doch welche Konnektoren sollst du wann benutzen? Und wo steht das Verb? Erfahre mehr hier!</p>
<h2><a href="https://italksprachschule.ch/de/ubungen/grammatik/typische-grammatikfehler/">Hilfe bei typischen Grammatikfehlern</a></h2>
<p>Wenn man eine neue Sprache lernt, macht man oft Fehler. Aber keine Panik! Nachdem du diese Materialien studiert hast, weisst du ganz genau, wie du korrekt sprichst. Weg mit den typischen Fehlern!</p>
</div>
								</div>
				</div>
					</div>
		</div>
					</div>
		</section>
				</div>

<p>Du hast Schwierigkeiten mit der deutschen Grammatik? Hier haben wir für dich viele praktische Materialien vorbereitet, die dir dabei helfen, die Logik der Sprache zu verstehen und sich die Regeln besser zu merken. Mit Hilfe der Übungen kannst du ausserdem das Gelernte wiederholen und festigen. Viel Erfolg! Konjugation der Verben Ich fahre, aber du fährst. [&hellip;]</p>
