{"id":6330,"date":"2023-11-07T15:47:34","date_gmt":"2023-11-07T13:47:34","guid":{"rendered":"https:\/\/italksprachschule.ch\/grammatik\/substantive\/"},"modified":"2023-11-14T12:27:36","modified_gmt":"2023-11-14T10:27:36","slug":"substantive","status":"publish","type":"page","link":"https:\/\/italksprachschule.ch\/de\/ubungen\/grammatik\/substantive\/","title":{"rendered":"Substantive"},"content":{"rendered":"<p>Der? Die? Das? Wie kann man alle diese Artikel kennen? Wir k\u00f6nnen dir helfen!<\/p>\n<p>&nbsp;<\/p>\n<div class=\"pdflinks\"><a href=\"https:\/\/italksprachschule.ch\/wp-content\/uploads\/2019\/06\/Theorie-Artikel-im-Deutschen.pdf\" target=\"_blank\" rel=\"noopener noreferrer\">Theorie Artikel im Deutschen<\/a><\/p>\n<p><a href=\"https:\/\/italksprachschule.ch\/wp-content\/uploads\/2019\/06\/Theorie-Substantive.pdf\" target=\"_blank\" rel=\"noopener noreferrer\">Theorie Substantive<\/a><\/p>\n<p><a href=\"https:\/\/italksprachschule.ch\/wp-content\/uploads\/2019\/06\/\u00dcbung-1-Artikel-und-Negation-.pdf\" target=\"_blank\" rel=\"noopener noreferrer\">\u00dcbung 1 Artikel und Negation<\/a><\/p>\n<p><a href=\"https:\/\/italksprachschule.ch\/wp-content\/uploads\/2019\/06\/\u00dcbung-2-Artikel-.pdf\" target=\"_blank\" rel=\"noopener noreferrer\">\u00dcbung 2 Artikel<\/a><\/p>\n<p><a href=\"https:\/\/italksprachschule.ch\/wp-content\/uploads\/2019\/06\/\u00dcbung-3-Artikel-und-Plural-.pdf\" target=\"_blank\" rel=\"noopener noreferrer\">\u00dcbung 3 Artikel und Plural<\/a><\/p>\n<p><a href=\"https:\/\/italksprachschule.ch\/wp-content\/uploads\/2019\/06\/\u00dcbung-4-Substantive-Familie-.pdf\" target=\"_blank\" rel=\"noopener noreferrer\">\u00dcbung 4 Substantive Familie<\/a><\/p>\n<\/div>\n","protected":false},"excerpt":{"rendered":"<p>Der? Die? Das? Wie kann man alle diese Artikel kennen? Wir k\u00f6nnen dir helfen! &nbsp; Theorie Artikel im Deutschen Theorie Substantive \u00dcbung 1 Artikel und Negation \u00dcbung 2 Artikel \u00dcbung 3 Artikel und Plural \u00dcbung 4 Substantive Familie<\/p>\n","protected":false},"author":6,"featured_media":0,"parent":6314,"menu_order":0,"comment_status":"closed","ping_status":"closed","template":"","meta":{"footnotes":""},"class_list":["post-6330","page","type-page","status-publish","hentry"],"_links":{"self":[{"href":"https:\/\/italksprachschule.ch\/de\/wp-json\/wp\/v2\/pages\/6330","targetHints":{"allow":["GET"]}}],"collection":[{"href":"https:\/\/italksprachschule.ch\/de\/wp-json\/wp\/v2\/pages"}],"about":[{"href":"https:\/\/italksprachschule.ch\/de\/wp-json\/wp\/v2\/types\/page"}],"author":[{"embeddable":true,"href":"https:\/\/italksprachschule.ch\/de\/wp-json\/wp\/v2\/users\/6"}],"replies":[{"embeddable":true,"href":"https:\/\/italksprachschule.ch\/de\/wp-json\/wp\/v2\/comments?post=6330"}],"version-history":[{"count":1,"href":"https:\/\/italksprachschule.ch\/de\/wp-json\/wp\/v2\/pages\/6330\/revisions"}],"predecessor-version":[{"id":6538,"href":"https:\/\/italksprachschule.ch\/de\/wp-json\/wp\/v2\/pages\/6330\/revisions\/6538"}],"up":[{"embeddable":true,"href":"https:\/\/italksprachschule.ch\/de\/wp-json\/wp\/v2\/pages\/6314"}],"wp:attachment":[{"href":"https:\/\/italksprachschule.ch\/de\/wp-json\/wp\/v2\/media?parent=6330"}],"curies":[{"name":"wp","href":"https:\/\/api.w.org\/{rel}","templated":true}]}}

<p>Der? Die? Das? Wie kann man alle diese Artikel kennen? Wir können dir helfen!</p>
<p>&nbsp;</p>
<div class="pdflinks"><a href="https://italksprachschule.ch/wp-content/uploads/2019/06/Theorie-Artikel-im-Deutschen.pdf" target="_blank" rel="noopener noreferrer">Theorie Artikel im Deutschen</a></p>
<p><a href="https://italksprachschule.ch/wp-content/uploads/2019/06/Theorie-Substantive.pdf" target="_blank" rel="noopener noreferrer">Theorie Substantive</a></p>
<p><a href="https://italksprachschule.ch/wp-content/uploads/2019/06/Übung-1-Artikel-und-Negation-.pdf" target="_blank" rel="noopener noreferrer">Übung 1 Artikel und Negation</a></p>
<p><a href="https://italksprachschule.ch/wp-content/uploads/2019/06/Übung-2-Artikel-.pdf" target="_blank" rel="noopener noreferrer">Übung 2 Artikel</a></p>
<p><a href="https://italksprachschule.ch/wp-content/uploads/2019/06/Übung-3-Artikel-und-Plural-.pdf" target="_blank" rel="noopener noreferrer">Übung 3 Artikel und Plural</a></p>
<p><a href="https://italksprachschule.ch/wp-content/uploads/2019/06/Übung-4-Substantive-Familie-.pdf" target="_blank" rel="noopener noreferrer">Übung 4 Substantive Familie</a></p>
</div>

<p>Der? Die? Das? Wie kann man alle diese Artikel kennen? Wir können dir helfen! &nbsp; Theorie Artikel im Deutschen Theorie Substantive Übung 1 Artikel und Negation Übung 2 Artikel Übung 3 Artikel und Plural Übung 4 Substantive Familie</p>
