{"id":6337,"date":"2023-11-07T16:09:38","date_gmt":"2023-11-07T14:09:38","guid":{"rendered":"https:\/\/italksprachschule.ch\/grammatik\/adjektive\/"},"modified":"2024-05-29T16:48:46","modified_gmt":"2024-05-29T14:48:46","slug":"adjektive","status":"publish","type":"page","link":"https:\/\/italksprachschule.ch\/de\/ubungen\/grammatik\/adjektive\/","title":{"rendered":"Adjektive"},"content":{"rendered":"<div class=\"pdflinks\">\n<p>Sch\u00f6nes oder sch\u00f6ne Wochenende? Nach diesen \u00dcbungen weisst du mehr \u00fcber die Adjektive.<\/p>\n<p>&nbsp;<\/p>\n<p><a href=\"https:\/\/italksprachschule.ch\/wp-content\/uploads\/2019\/06\/Theorie-Adjektive.pdf\" target=\"_blank\" rel=\"noopener noreferrer\">Theorie Adjektive<\/a><\/p>\n<p><a href=\"https:\/\/italksprachschule.ch\/wp-content\/uploads\/2019\/06\/\u00dcbungen-1-Adjektivendungen.pdf\" target=\"_blank\" rel=\"noopener noreferrer\">\u00dcbung 1 Adjektivendungen<\/a><\/p>\n<p><a href=\"https:\/\/italksprachschule.ch\/wp-content\/uploads\/2019\/06\/\u00dcbungen-2-Adjektivendungen-.pdf\" target=\"_blank\" rel=\"noopener noreferrer\">\u00dcbung 2 Adjektivendungen<\/a><\/p>\n<p><a href=\"https:\/\/italksprachschule.ch\/wp-content\/uploads\/2019\/06\/\u00dcbungen-3-Adjektivendungen-ohne-Artikel.pdf\" target=\"_blank\" rel=\"noopener noreferrer\">\u00dcbung 3 Adjektivendungen ohne Artikel<\/a><\/p>\n<p><a href=\"https:\/\/italksprachschule.ch\/wp-content\/uploads\/2019\/06\/\u00dcbungen-4-Adjektivendungen.pdf\" target=\"_blank\" rel=\"noopener noreferrer\">\u00dcbung 4 Adjektivendungen<\/a><\/p>\n<p><a href=\"https:\/\/italksprachschule.ch\/wp-content\/uploads\/2019\/06\/\u00dcbungen-5-Komparativ.pdf\" target=\"_blank\" rel=\"noopener noreferrer\">\u00dcbung 5 Komparativ<\/a><\/p>\n<\/div>\n","protected":false},"excerpt":{"rendered":"<p>Sch\u00f6nes oder sch\u00f6ne Wochenende? Nach diesen \u00dcbungen weisst du mehr \u00fcber die Adjektive. &nbsp; Theorie Adjektive \u00dcbung 1 Adjektivendungen \u00dcbung 2 Adjektivendungen \u00dcbung 3 Adjektivendungen ohne Artikel \u00dcbung 4 Adjektivendungen \u00dcbung 5 Komparativ<\/p>\n","protected":false},"author":6,"featured_media":0,"parent":6314,"menu_order":0,"comment_status":"closed","ping_status":"closed","template":"","meta":{"footnotes":""},"class_list":["post-6337","page","type-page","status-publish","hentry"],"_links":{"self":[{"href":"https:\/\/italksprachschule.ch\/de\/wp-json\/wp\/v2\/pages\/6337","targetHints":{"allow":["GET"]}}],"collection":[{"href":"https:\/\/italksprachschule.ch\/de\/wp-json\/wp\/v2\/pages"}],"about":[{"href":"https:\/\/italksprachschule.ch\/de\/wp-json\/wp\/v2\/types\/page"}],"author":[{"embeddable":true,"href":"https:\/\/italksprachschule.ch\/de\/wp-json\/wp\/v2\/users\/6"}],"replies":[{"embeddable":true,"href":"https:\/\/italksprachschule.ch\/de\/wp-json\/wp\/v2\/comments?post=6337"}],"version-history":[{"count":1,"href":"https:\/\/italksprachschule.ch\/de\/wp-json\/wp\/v2\/pages\/6337\/revisions"}],"predecessor-version":[{"id":6827,"href":"https:\/\/italksprachschule.ch\/de\/wp-json\/wp\/v2\/pages\/6337\/revisions\/6827"}],"up":[{"embeddable":true,"href":"https:\/\/italksprachschule.ch\/de\/wp-json\/wp\/v2\/pages\/6314"}],"wp:attachment":[{"href":"https:\/\/italksprachschule.ch\/de\/wp-json\/wp\/v2\/media?parent=6337"}],"curies":[{"name":"wp","href":"https:\/\/api.w.org\/{rel}","templated":true}]}}

<div class="pdflinks">
<p>Schönes oder schöne Wochenende? Nach diesen Übungen weisst du mehr über die Adjektive.</p>
<p>&nbsp;</p>
<p><a href="https://italksprachschule.ch/wp-content/uploads/2019/06/Theorie-Adjektive.pdf" target="_blank" rel="noopener noreferrer">Theorie Adjektive</a></p>
<p><a href="https://italksprachschule.ch/wp-content/uploads/2019/06/Übungen-1-Adjektivendungen.pdf" target="_blank" rel="noopener noreferrer">Übung 1 Adjektivendungen</a></p>
<p><a href="https://italksprachschule.ch/wp-content/uploads/2019/06/Übungen-2-Adjektivendungen-.pdf" target="_blank" rel="noopener noreferrer">Übung 2 Adjektivendungen</a></p>
<p><a href="https://italksprachschule.ch/wp-content/uploads/2019/06/Übungen-3-Adjektivendungen-ohne-Artikel.pdf" target="_blank" rel="noopener noreferrer">Übung 3 Adjektivendungen ohne Artikel</a></p>
<p><a href="https://italksprachschule.ch/wp-content/uploads/2019/06/Übungen-4-Adjektivendungen.pdf" target="_blank" rel="noopener noreferrer">Übung 4 Adjektivendungen</a></p>
<p><a href="https://italksprachschule.ch/wp-content/uploads/2019/06/Übungen-5-Komparativ.pdf" target="_blank" rel="noopener noreferrer">Übung 5 Komparativ</a></p>
</div>

<p>Schönes oder schöne Wochenende? Nach diesen Übungen weisst du mehr über die Adjektive. &nbsp; Theorie Adjektive Übung 1 Adjektivendungen Übung 2 Adjektivendungen Übung 3 Adjektivendungen ohne Artikel Übung 4 Adjektivendungen Übung 5 Komparativ</p>
