{"id":6344,"date":"2023-11-07T18:48:16","date_gmt":"2023-11-07T16:48:16","guid":{"rendered":"https:\/\/italksprachschule.ch\/grammatik\/konjugation\/"},"modified":"2024-05-29T16:49:18","modified_gmt":"2024-05-29T14:49:18","slug":"konjugation","status":"publish","type":"page","link":"https:\/\/italksprachschule.ch\/de\/ubungen\/grammatik\/konjugation\/","title":{"rendered":"Konjugation"},"content":{"rendered":"<div class=\"pdflinks\">\n<p><a href=\"https:\/\/italksprachschule.ch\/wp-content\/uploads\/2019\/06\/Theorie-Konjugation-der-Verben.pdf\" target=\"_blank\" rel=\"noopener noreferrer\">Theorie Konjugation der Verben<\/a><\/p>\n<p><a href=\"https:\/\/italksprachschule.ch\/wp-content\/uploads\/2019\/06\/Theorie-Modalverben.pdf\" target=\"_blank\" rel=\"noopener noreferrer\">Theorie Modalverben<\/a><\/p>\n<p><a href=\"https:\/\/italksprachschule.ch\/wp-content\/uploads\/2019\/06\/\u00dcbung-1-Verben-Konjugation.pdf\" target=\"_blank\" rel=\"noopener noreferrer\">\u00dcbung 1 Verben Konjugation<\/a><\/p>\n<p><a href=\"https:\/\/italksprachschule.ch\/wp-content\/uploads\/2019\/06\/\u00dcbung-2-Konjugation-der-Verben-gemischt.pdf\" target=\"_blank\" rel=\"noopener noreferrer\">\u00dcbung 2 Konjugation der Verben gemischt<\/a><\/p>\n<p><a href=\"https:\/\/italksprachschule.ch\/wp-content\/uploads\/2019\/06\/\u00dcbung-3-Unregelma\u2560\u00eassige-Verben-mit-Vokalwechsel.pdf\" target=\"_blank\" rel=\"noopener noreferrer\">\u00dcbung 3 Unregelm\u00e4ssige Verben mit Vokalwechsel<\/a><\/p>\n<p><a href=\"https:\/\/italksprachschule.ch\/wp-content\/uploads\/2019\/06\/\u00dcbung-4-Unregelma\u2560\u00eassige-Verben-.pdf\" target=\"_blank\" rel=\"noopener noreferrer\">\u00dcbung 4 Unregelm\u00e4ssige Verben<\/a><\/p>\n<p><a href=\"https:\/\/italksprachschule.ch\/wp-content\/uploads\/2019\/06\/\u00dcbung-5-Verben-an_ausmachen-auf_zumachen-.pdf\" target=\"_blank\" rel=\"noopener noreferrer\">\u00dcbung 5 Verben an_ausmachen auf_zumachen<\/a><\/p>\n<p><a href=\"https:\/\/italksprachschule.ch\/wp-content\/uploads\/2019\/06\/\u00dcbung-6-Konjugation-Modalverben.pdf\" target=\"_blank\" rel=\"noopener noreferrer\">\u00dcbung 6 Konjugation Modalverben<\/a><\/p>\n<p>&nbsp;<\/p>\n<p>&nbsp;<\/p>\n<p>&nbsp;<\/p>\n<\/div>\n","protected":false},"excerpt":{"rendered":"<p>Theorie Konjugation der Verben Theorie Modalverben \u00dcbung 1 Verben Konjugation \u00dcbung 2 Konjugation der Verben gemischt \u00dcbung 3 Unregelm\u00e4ssige Verben mit Vokalwechsel \u00dcbung 4 Unregelm\u00e4ssige Verben \u00dcbung 5 Verben an_ausmachen auf_zumachen \u00dcbung 6 Konjugation Modalverben &nbsp; &nbsp; &nbsp;<\/p>\n","protected":false},"author":6,"featured_media":0,"parent":6314,"menu_order":0,"comment_status":"closed","ping_status":"closed","template":"","meta":{"footnotes":""},"class_list":["post-6344","page","type-page","status-publish","hentry"],"_links":{"self":[{"href":"https:\/\/italksprachschule.ch\/de\/wp-json\/wp\/v2\/pages\/6344","targetHints":{"allow":["GET"]}}],"collection":[{"href":"https:\/\/italksprachschule.ch\/de\/wp-json\/wp\/v2\/pages"}],"about":[{"href":"https:\/\/italksprachschule.ch\/de\/wp-json\/wp\/v2\/types\/page"}],"author":[{"embeddable":true,"href":"https:\/\/italksprachschule.ch\/de\/wp-json\/wp\/v2\/users\/6"}],"replies":[{"embeddable":true,"href":"https:\/\/italksprachschule.ch\/de\/wp-json\/wp\/v2\/comments?post=6344"}],"version-history":[{"count":1,"href":"https:\/\/italksprachschule.ch\/de\/wp-json\/wp\/v2\/pages\/6344\/revisions"}],"predecessor-version":[{"id":6828,"href":"https:\/\/italksprachschule.ch\/de\/wp-json\/wp\/v2\/pages\/6344\/revisions\/6828"}],"up":[{"embeddable":true,"href":"https:\/\/italksprachschule.ch\/de\/wp-json\/wp\/v2\/pages\/6314"}],"wp:attachment":[{"href":"https:\/\/italksprachschule.ch\/de\/wp-json\/wp\/v2\/media?parent=6344"}],"curies":[{"name":"wp","href":"https:\/\/api.w.org\/{rel}","templated":true}]}}

<div class="pdflinks">
<p><a href="https://italksprachschule.ch/wp-content/uploads/2019/06/Theorie-Konjugation-der-Verben.pdf" target="_blank" rel="noopener noreferrer">Theorie Konjugation der Verben</a></p>
<p><a href="https://italksprachschule.ch/wp-content/uploads/2019/06/Theorie-Modalverben.pdf" target="_blank" rel="noopener noreferrer">Theorie Modalverben</a></p>
<p><a href="https://italksprachschule.ch/wp-content/uploads/2019/06/Übung-1-Verben-Konjugation.pdf" target="_blank" rel="noopener noreferrer">Übung 1 Verben Konjugation</a></p>
<p><a href="https://italksprachschule.ch/wp-content/uploads/2019/06/Übung-2-Konjugation-der-Verben-gemischt.pdf" target="_blank" rel="noopener noreferrer">Übung 2 Konjugation der Verben gemischt</a></p>
<p><a href="https://italksprachschule.ch/wp-content/uploads/2019/06/Übung-3-Unregelma╠êssige-Verben-mit-Vokalwechsel.pdf" target="_blank" rel="noopener noreferrer">Übung 3 Unregelmässige Verben mit Vokalwechsel</a></p>
<p><a href="https://italksprachschule.ch/wp-content/uploads/2019/06/Übung-4-Unregelma╠êssige-Verben-.pdf" target="_blank" rel="noopener noreferrer">Übung 4 Unregelmässige Verben</a></p>
<p><a href="https://italksprachschule.ch/wp-content/uploads/2019/06/Übung-5-Verben-an_ausmachen-auf_zumachen-.pdf" target="_blank" rel="noopener noreferrer">Übung 5 Verben an_ausmachen auf_zumachen</a></p>
<p><a href="https://italksprachschule.ch/wp-content/uploads/2019/06/Übung-6-Konjugation-Modalverben.pdf" target="_blank" rel="noopener noreferrer">Übung 6 Konjugation Modalverben</a></p>
<p>&nbsp;</p>
<p>&nbsp;</p>
<p>&nbsp;</p>
</div>

<p>Theorie Konjugation der Verben Theorie Modalverben Übung 1 Verben Konjugation Übung 2 Konjugation der Verben gemischt Übung 3 Unregelmässige Verben mit Vokalwechsel Übung 4 Unregelmässige Verben Übung 5 Verben an_ausmachen auf_zumachen Übung 6 Konjugation Modalverben &nbsp; &nbsp; &nbsp;</p>
