{"id":6352,"date":"2023-11-07T18:57:03","date_gmt":"2023-11-07T16:57:03","guid":{"rendered":"https:\/\/italksprachschule.ch\/grammatik\/zeitformen\/"},"modified":"2024-05-29T16:50:44","modified_gmt":"2024-05-29T14:50:44","slug":"zeitformen","status":"publish","type":"page","link":"https:\/\/italksprachschule.ch\/de\/ubungen\/grammatik\/zeitformen\/","title":{"rendered":"Zeitformen"},"content":{"rendered":"<div class=\"pdflinks\"><a href=\"https:\/\/italksprachschule.ch\/wp-content\/uploads\/2019\/06\/Theorie-Zeitformen-der-Verben.pdf\" target=\"_blank\" rel=\"noopener noreferrer\">Theorie Zeitformen der Verben<\/a><a href=\"https:\/\/italksprachschule.ch\/wp-content\/uploads\/2019\/06\/Theorie-Zeitformen-der-Vergangenheit.pdf\" target=\"_blank\" rel=\"noopener noreferrer\">Theorie Zeitformen der Vergangenheit<\/a><\/p>\n<p><a href=\"https:\/\/italksprachschule.ch\/wp-content\/uploads\/2019\/06\/\u00dcbung-1-Pra\u2560\u00eateritum.pdf\" target=\"_blank\" rel=\"noopener noreferrer\">\u00dcbung 1 Pr\u00e4teritum<\/a><\/p>\n<p><a href=\"https:\/\/italksprachschule.ch\/wp-content\/uploads\/2019\/06\/\u00dcbung-2-Perfekt-mit-haben.pdf\" target=\"_blank\" rel=\"noopener noreferrer\">\u00dcbung 2 Perfekt mit haben<\/a><\/p>\n<p><a href=\"https:\/\/italksprachschule.ch\/wp-content\/uploads\/2019\/06\/\u00dcbung-3-Perfekt-U\u2560\u00eabungen.pdf\" target=\"_blank\" rel=\"noopener noreferrer\">\u00dcbung 3 Perfekt \u00dcbungen<\/a><\/p>\n<p><a href=\"https:\/\/italksprachschule.ch\/wp-content\/uploads\/2019\/06\/\u00dcbung-4-Plusquamperfekt-.pdf\" target=\"_blank\" rel=\"noopener noreferrer\">\u00dcbung 4 Plusquamperfekt<\/a><\/p>\n<\/div>\n","protected":false},"excerpt":{"rendered":"<p>Theorie Zeitformen der VerbenTheorie Zeitformen der Vergangenheit \u00dcbung 1 Pr\u00e4teritum \u00dcbung 2 Perfekt mit haben \u00dcbung 3 Perfekt \u00dcbungen \u00dcbung 4 Plusquamperfekt<\/p>\n","protected":false},"author":6,"featured_media":0,"parent":6314,"menu_order":0,"comment_status":"closed","ping_status":"closed","template":"","meta":{"footnotes":""},"class_list":["post-6352","page","type-page","status-publish","hentry"],"_links":{"self":[{"href":"https:\/\/italksprachschule.ch\/de\/wp-json\/wp\/v2\/pages\/6352","targetHints":{"allow":["GET"]}}],"collection":[{"href":"https:\/\/italksprachschule.ch\/de\/wp-json\/wp\/v2\/pages"}],"about":[{"href":"https:\/\/italksprachschule.ch\/de\/wp-json\/wp\/v2\/types\/page"}],"author":[{"embeddable":true,"href":"https:\/\/italksprachschule.ch\/de\/wp-json\/wp\/v2\/users\/6"}],"replies":[{"embeddable":true,"href":"https:\/\/italksprachschule.ch\/de\/wp-json\/wp\/v2\/comments?post=6352"}],"version-history":[{"count":1,"href":"https:\/\/italksprachschule.ch\/de\/wp-json\/wp\/v2\/pages\/6352\/revisions"}],"predecessor-version":[{"id":6830,"href":"https:\/\/italksprachschule.ch\/de\/wp-json\/wp\/v2\/pages\/6352\/revisions\/6830"}],"up":[{"embeddable":true,"href":"https:\/\/italksprachschule.ch\/de\/wp-json\/wp\/v2\/pages\/6314"}],"wp:attachment":[{"href":"https:\/\/italksprachschule.ch\/de\/wp-json\/wp\/v2\/media?parent=6352"}],"curies":[{"name":"wp","href":"https:\/\/api.w.org\/{rel}","templated":true}]}}

<div class="pdflinks"><a href="https://italksprachschule.ch/wp-content/uploads/2019/06/Theorie-Zeitformen-der-Verben.pdf" target="_blank" rel="noopener noreferrer">Theorie Zeitformen der Verben</a><a href="https://italksprachschule.ch/wp-content/uploads/2019/06/Theorie-Zeitformen-der-Vergangenheit.pdf" target="_blank" rel="noopener noreferrer">Theorie Zeitformen der Vergangenheit</a></p>
<p><a href="https://italksprachschule.ch/wp-content/uploads/2019/06/Übung-1-Pra╠êteritum.pdf" target="_blank" rel="noopener noreferrer">Übung 1 Präteritum</a></p>
<p><a href="https://italksprachschule.ch/wp-content/uploads/2019/06/Übung-2-Perfekt-mit-haben.pdf" target="_blank" rel="noopener noreferrer">Übung 2 Perfekt mit haben</a></p>
<p><a href="https://italksprachschule.ch/wp-content/uploads/2019/06/Übung-3-Perfekt-U╠êbungen.pdf" target="_blank" rel="noopener noreferrer">Übung 3 Perfekt Übungen</a></p>
<p><a href="https://italksprachschule.ch/wp-content/uploads/2019/06/Übung-4-Plusquamperfekt-.pdf" target="_blank" rel="noopener noreferrer">Übung 4 Plusquamperfekt</a></p>
</div>

<p>Theorie Zeitformen der VerbenTheorie Zeitformen der Vergangenheit Übung 1 Präteritum Übung 2 Perfekt mit haben Übung 3 Perfekt Übungen Übung 4 Plusquamperfekt</p>
