{"id":6354,"date":"2023-11-07T19:00:06","date_gmt":"2023-11-07T17:00:06","guid":{"rendered":"https:\/\/italksprachschule.ch\/dativ-oder-akkusativ\/"},"modified":"2025-09-05T11:47:06","modified_gmt":"2025-09-05T09:47:06","slug":"dativ-oder-akkusativ","status":"publish","type":"page","link":"https:\/\/italksprachschule.ch\/de\/ubungen\/grammatik\/dativ-oder-akkusativ\/","title":{"rendered":"Dativ oder Akkusativ"},"content":{"rendered":"\t\t<div data-elementor-type=\"wp-page\" data-elementor-id=\"6354\" class=\"elementor elementor-6354 elementor-1800\" data-elementor-post-type=\"page\">\n\t\t\t\t\t\t<section class=\"elementor-section elementor-top-section elementor-element elementor-element-69147b1c elementor-section-boxed elementor-section-height-default elementor-section-height-default\" data-id=\"69147b1c\" data-element_type=\"section\" data-e-type=\"section\">\n\t\t\t\t\t\t<div class=\"elementor-container elementor-column-gap-default\">\n\t\t\t\t\t<div class=\"elementor-column elementor-col-100 elementor-top-column elementor-element elementor-element-2863c9fd\" data-id=\"2863c9fd\" data-element_type=\"column\" data-e-type=\"column\">\n\t\t\t<div class=\"elementor-widget-wrap elementor-element-populated\">\n\t\t\t\t\t\t<div class=\"elementor-element elementor-element-a3ccd81 elementor-widget elementor-widget-text-editor\" data-id=\"a3ccd81\" data-element_type=\"widget\" data-e-type=\"widget\" data-widget_type=\"text-editor.default\">\n\t\t\t\t<div class=\"elementor-widget-container\">\n\t\t\t\t\t\t\t\t\t<div class=\"pdflinks\">\n<p><a href=\"https:\/\/italksprachschule.ch\/wp-content\/uploads\/2019\/06\/Theorie-Dativ-oder-Akkusativ-.pdf\" target=\"_blank\" rel=\"noopener noreferrer\">Theorie Dativ oder Akkusativ<\/a><\/p>\n<p><a href=\"https:\/\/italksprachschule.ch\/wp-content\/uploads\/2019\/06\/Theorie-Liste-Verben-mit-Dativ_Akkusativ.pdf\" target=\"_blank\" rel=\"noopener noreferrer\">Theorie Liste Verben mit Dativ_Akkusativ<\/a><\/p>\n<p><a href=\"https:\/\/italksprachschule.ch\/wp-content\/uploads\/2019\/06\/Theorie-Nominativ-Dativ-Akkusativ.pdf\" target=\"_blank\" rel=\"noopener noreferrer\">Theorie Nominativ Dativ Akkusativ<\/a><\/p>\n<p><a href=\"https:\/\/italksprachschule.ch\/wp-content\/uploads\/2019\/06\/\u00dcbung-1-Akkusativ-oder-Dativ-.pdf\" target=\"_blank\" rel=\"noopener noreferrer\">\u00dcbung 1 Akkusativ oder Dativ<\/a><\/p>\n<p><a href=\"https:\/\/italksprachschule.ch\/wp-content\/uploads\/2019\/06\/\u00dcbung-2-Dativ-.pdf\" target=\"_blank\" rel=\"noopener noreferrer\">\u00dcbung 2 Dativ<\/a><\/p>\n<p><a href=\"https:\/\/italksprachschule.ch\/wp-content\/uploads\/2019\/06\/\u00dcbung-3-Verben-mit-Dativ-.pdf\" target=\"_blank\" rel=\"noopener noreferrer\">\u00dcbung 3 Verben mit Dativ<\/a><\/p>\n<p><a href=\"https:\/\/italksprachschule.ch\/wp-content\/uploads\/2019\/06\/\u00dcbung-4-Dativ-oder-Akkusativ.pdf\" target=\"_blank\" rel=\"noopener noreferrer\">\u00dcbung 4 Dativ oder Akkusativ<\/a><\/p>\n<\/div>\n\t\t\t\t\t\t\t\t<\/div>\n\t\t\t\t<\/div>\n\t\t\t\t\t<\/div>\n\t\t<\/div>\n\t\t\t\t\t<\/div>\n\t\t<\/section>\n\t\t\t\t<\/div>\n\t\t","protected":false},"excerpt":{"rendered":"<p>Theorie Dativ oder Akkusativ Theorie Liste Verben mit Dativ_Akkusativ Theorie Nominativ Dativ Akkusativ \u00dcbung 1 Akkusativ oder Dativ \u00dcbung 2 Dativ \u00dcbung 3 Verben mit Dativ \u00dcbung 4 Dativ oder Akkusativ<\/p>\n","protected":false},"author":6,"featured_media":0,"parent":6314,"menu_order":0,"comment_status":"closed","ping_status":"closed","template":"","meta":{"footnotes":""},"class_list":["post-6354","page","type-page","status-publish","hentry"],"_links":{"self":[{"href":"https:\/\/italksprachschule.ch\/de\/wp-json\/wp\/v2\/pages\/6354","targetHints":{"allow":["GET"]}}],"collection":[{"href":"https:\/\/italksprachschule.ch\/de\/wp-json\/wp\/v2\/pages"}],"about":[{"href":"https:\/\/italksprachschule.ch\/de\/wp-json\/wp\/v2\/types\/page"}],"author":[{"embeddable":true,"href":"https:\/\/italksprachschule.ch\/de\/wp-json\/wp\/v2\/users\/6"}],"replies":[{"embeddable":true,"href":"https:\/\/italksprachschule.ch\/de\/wp-json\/wp\/v2\/comments?post=6354"}],"version-history":[{"count":2,"href":"https:\/\/italksprachschule.ch\/de\/wp-json\/wp\/v2\/pages\/6354\/revisions"}],"predecessor-version":[{"id":10671,"href":"https:\/\/italksprachschule.ch\/de\/wp-json\/wp\/v2\/pages\/6354\/revisions\/10671"}],"up":[{"embeddable":true,"href":"https:\/\/italksprachschule.ch\/de\/wp-json\/wp\/v2\/pages\/6314"}],"wp:attachment":[{"href":"https:\/\/italksprachschule.ch\/de\/wp-json\/wp\/v2\/media?parent=6354"}],"curies":[{"name":"wp","href":"https:\/\/api.w.org\/{rel}","templated":true}]}}

<div data-elementor-type="wp-page" data-elementor-id="6354" class="elementor elementor-6354 elementor-1800" data-elementor-post-type="page">
						<section class="elementor-section elementor-top-section elementor-element elementor-element-69147b1c elementor-section-boxed elementor-section-height-default elementor-section-height-default" data-id="69147b1c" data-element_type="section" data-e-type="section">
						<div class="elementor-container elementor-column-gap-default">
					<div class="elementor-column elementor-col-100 elementor-top-column elementor-element elementor-element-2863c9fd" data-id="2863c9fd" data-element_type="column" data-e-type="column">
			<div class="elementor-widget-wrap elementor-element-populated">
						<div class="elementor-element elementor-element-a3ccd81 elementor-widget elementor-widget-text-editor" data-id="a3ccd81" data-element_type="widget" data-e-type="widget" data-widget_type="text-editor.default">
				<div class="elementor-widget-container">
									<div class="pdflinks">
<p><a href="https://italksprachschule.ch/wp-content/uploads/2019/06/Theorie-Dativ-oder-Akkusativ-.pdf" target="_blank" rel="noopener noreferrer">Theorie Dativ oder Akkusativ</a></p>
<p><a href="https://italksprachschule.ch/wp-content/uploads/2019/06/Theorie-Liste-Verben-mit-Dativ_Akkusativ.pdf" target="_blank" rel="noopener noreferrer">Theorie Liste Verben mit Dativ_Akkusativ</a></p>
<p><a href="https://italksprachschule.ch/wp-content/uploads/2019/06/Theorie-Nominativ-Dativ-Akkusativ.pdf" target="_blank" rel="noopener noreferrer">Theorie Nominativ Dativ Akkusativ</a></p>
<p><a href="https://italksprachschule.ch/wp-content/uploads/2019/06/Übung-1-Akkusativ-oder-Dativ-.pdf" target="_blank" rel="noopener noreferrer">Übung 1 Akkusativ oder Dativ</a></p>
<p><a href="https://italksprachschule.ch/wp-content/uploads/2019/06/Übung-2-Dativ-.pdf" target="_blank" rel="noopener noreferrer">Übung 2 Dativ</a></p>
<p><a href="https://italksprachschule.ch/wp-content/uploads/2019/06/Übung-3-Verben-mit-Dativ-.pdf" target="_blank" rel="noopener noreferrer">Übung 3 Verben mit Dativ</a></p>
<p><a href="https://italksprachschule.ch/wp-content/uploads/2019/06/Übung-4-Dativ-oder-Akkusativ.pdf" target="_blank" rel="noopener noreferrer">Übung 4 Dativ oder Akkusativ</a></p>
</div>
								</div>
				</div>
					</div>
		</div>
					</div>
		</section>
				</div>

<p>Theorie Dativ oder Akkusativ Theorie Liste Verben mit Dativ_Akkusativ Theorie Nominativ Dativ Akkusativ Übung 1 Akkusativ oder Dativ Übung 2 Dativ Übung 3 Verben mit Dativ Übung 4 Dativ oder Akkusativ</p>
