{"id":6357,"date":"2023-11-07T19:05:34","date_gmt":"2023-11-07T17:05:34","guid":{"rendered":"https:\/\/italksprachschule.ch\/grammatik\/verben-mit-prapositionen\/"},"modified":"2025-09-05T11:52:51","modified_gmt":"2025-09-05T09:52:51","slug":"verben-mit-prapositionen","status":"publish","type":"page","link":"https:\/\/italksprachschule.ch\/de\/ubungen\/grammatik\/verben-mit-prapositionen\/","title":{"rendered":"Verben mit Pr\u00e4positionen"},"content":{"rendered":"<div class=\"pdflinks\"><a href=\"https:\/\/italksprachschule.ch\/wp-content\/uploads\/2019\/06\/Theorie-Verben-mit-Pr\u00e4positionen-Liste-.pdf\" target=\"_blank\" rel=\"noopener noreferrer\">Theorie Verben mit Pr\u00e4positionen Liste<\/a><\/p>\n<p><a href=\"https:\/\/italksprachschule.ch\/wp-content\/uploads\/2019\/06\/\u00dcbung-1-Verben-mit-Prapositionen-.pdf\" target=\"_blank\" rel=\"noopener noreferrer\">\u00dcbung 1 Verben mit Prapositionen<\/a><\/p>\n<p><a href=\"https:\/\/italksprachschule.ch\/wp-content\/uploads\/2019\/06\/\u00dcbung-2-Verben-mit-Pr\u00e4positionen-.pdf\" target=\"_blank\" rel=\"noopener noreferrer\">\u00dcbung 2 Verben mit Pr\u00e4positionen<\/a><\/p>\n<\/div>\n","protected":false},"excerpt":{"rendered":"<p>Theorie Verben mit Pr\u00e4positionen Liste \u00dcbung 1 Verben mit Prapositionen \u00dcbung 2 Verben mit Pr\u00e4positionen<\/p>\n","protected":false},"author":6,"featured_media":0,"parent":6314,"menu_order":0,"comment_status":"closed","ping_status":"closed","template":"","meta":{"footnotes":""},"class_list":["post-6357","page","type-page","status-publish","hentry"],"_links":{"self":[{"href":"https:\/\/italksprachschule.ch\/de\/wp-json\/wp\/v2\/pages\/6357","targetHints":{"allow":["GET"]}}],"collection":[{"href":"https:\/\/italksprachschule.ch\/de\/wp-json\/wp\/v2\/pages"}],"about":[{"href":"https:\/\/italksprachschule.ch\/de\/wp-json\/wp\/v2\/types\/page"}],"author":[{"embeddable":true,"href":"https:\/\/italksprachschule.ch\/de\/wp-json\/wp\/v2\/users\/6"}],"replies":[{"embeddable":true,"href":"https:\/\/italksprachschule.ch\/de\/wp-json\/wp\/v2\/comments?post=6357"}],"version-history":[{"count":2,"href":"https:\/\/italksprachschule.ch\/de\/wp-json\/wp\/v2\/pages\/6357\/revisions"}],"predecessor-version":[{"id":10672,"href":"https:\/\/italksprachschule.ch\/de\/wp-json\/wp\/v2\/pages\/6357\/revisions\/10672"}],"up":[{"embeddable":true,"href":"https:\/\/italksprachschule.ch\/de\/wp-json\/wp\/v2\/pages\/6314"}],"wp:attachment":[{"href":"https:\/\/italksprachschule.ch\/de\/wp-json\/wp\/v2\/media?parent=6357"}],"curies":[{"name":"wp","href":"https:\/\/api.w.org\/{rel}","templated":true}]}}

Verben mit Präpositionen

<div class="pdflinks"><a href="https://italksprachschule.ch/wp-content/uploads/2019/06/Theorie-Verben-mit-Präpositionen-Liste-.pdf" target="_blank" rel="noopener noreferrer">Theorie Verben mit Präpositionen Liste</a></p>
<p><a href="https://italksprachschule.ch/wp-content/uploads/2019/06/Übung-1-Verben-mit-Prapositionen-.pdf" target="_blank" rel="noopener noreferrer">Übung 1 Verben mit Prapositionen</a></p>
<p><a href="https://italksprachschule.ch/wp-content/uploads/2019/06/Übung-2-Verben-mit-Präpositionen-.pdf" target="_blank" rel="noopener noreferrer">Übung 2 Verben mit Präpositionen</a></p>
</div>

<p>Theorie Verben mit Präpositionen Liste Übung 1 Verben mit Prapositionen Übung 2 Verben mit Präpositionen</p>
