{"id":7641,"date":"2024-07-03T16:09:06","date_gmt":"2024-07-03T14:09:06","guid":{"rendered":"https:\/\/italksprachschule.ch\/?page_id=7641"},"modified":"2025-09-02T11:12:47","modified_gmt":"2025-09-02T09:12:47","slug":"probetest-vorbereitung-fuer-den-fide-test-a2-b1","status":"publish","type":"page","link":"https:\/\/italksprachschule.ch\/de\/probetest-vorbereitung-fuer-den-fide-test-a2-b1\/","title":{"rendered":"Probetest Vorbereitung f\u00fcr den fide-Test A2-B1"},"content":{"rendered":"\t\t<div data-elementor-type=\"wp-page\" data-elementor-id=\"7641\" class=\"elementor elementor-7641 elementor-7599\" data-elementor-post-type=\"page\">\n\t\t\t\t\t\t<section class=\"elementor-section elementor-top-section elementor-element elementor-element-5f48951 elementor-section-height-min-height elementor-section-items-top elementor-section-boxed elementor-section-height-default\" data-id=\"5f48951\" data-element_type=\"section\" data-e-type=\"section\" data-settings=\"{&quot;background_background&quot;:&quot;classic&quot;}\">\n\t\t\t\t\t\t<div class=\"elementor-container elementor-column-gap-default\">\n\t\t\t\t\t<div class=\"elementor-column elementor-col-100 elementor-top-column elementor-element elementor-element-f88fe30\" data-id=\"f88fe30\" data-element_type=\"column\" data-e-type=\"column\" data-settings=\"{&quot;background_background&quot;:&quot;classic&quot;}\">\n\t\t\t<div class=\"elementor-widget-wrap elementor-element-populated\">\n\t\t\t\t\t\t<div class=\"elementor-element elementor-element-152cc7a elementor-widget elementor-widget-heading\" data-id=\"152cc7a\" data-element_type=\"widget\" data-e-type=\"widget\" data-widget_type=\"heading.default\">\n\t\t\t\t<div class=\"elementor-widget-container\">\n\t\t\t\t\t<h1 class=\"elementor-heading-title elementor-size-default\">Probetest Vorbereitung f\u00fcr den fide-Test A2-B1<\/h1>\t\t\t\t<\/div>\n\t\t\t\t<\/div>\n\t\t\t\t\t<\/div>\n\t\t<\/div>\n\t\t\t\t\t<\/div>\n\t\t<\/section>\n\t\t\t\t<section class=\"elementor-section elementor-top-section elementor-element elementor-element-d704d95 elementor-section-full_width elementor-section-height-default elementor-section-height-default\" data-id=\"d704d95\" data-element_type=\"section\" data-e-type=\"section\" data-settings=\"{&quot;background_background&quot;:&quot;classic&quot;}\">\n\t\t\t\t\t\t<div class=\"elementor-container elementor-column-gap-no\">\n\t\t\t\t\t<div class=\"elementor-column elementor-col-100 elementor-top-column elementor-element elementor-element-513f7aa\" data-id=\"513f7aa\" data-element_type=\"column\" data-e-type=\"column\">\n\t\t\t<div class=\"elementor-widget-wrap\">\n\t\t\t\t\t\t\t<\/div>\n\t\t<\/div>\n\t\t\t\t\t<\/div>\n\t\t<\/section>\n\t\t\t\t<section class=\"elementor-section elementor-top-section elementor-element elementor-element-57f026f elementor-section-boxed elementor-section-height-default elementor-section-height-default\" data-id=\"57f026f\" data-element_type=\"section\" data-e-type=\"section\" data-settings=\"{&quot;background_background&quot;:&quot;classic&quot;}\">\n\t\t\t\t\t\t<div class=\"elementor-container elementor-column-gap-wide\">\n\t\t\t\t\t<div class=\"elementor-column elementor-col-100 elementor-top-column elementor-element elementor-element-b7b2756\" data-id=\"b7b2756\" data-element_type=\"column\" data-e-type=\"column\">\n\t\t\t<div class=\"elementor-widget-wrap elementor-element-populated\">\n\t\t\t\t\t\t<div class=\"elementor-element elementor-element-682d2d4 elementor-widget elementor-widget-text-editor\" data-id=\"682d2d4\" data-element_type=\"widget\" data-e-type=\"widget\" data-widget_type=\"text-editor.default\">\n\t\t\t\t<div class=\"elementor-widget-container\">\n\t\t\t\t\t\t\t\t\t<p>Der Sprachenpass gilt in der Schweiz als Sprachnachweis f\u00fcr den Antrag einer B-Bewilligung, C-Bewilligung oder f\u00fcr die Einb\u00fcrgerung.<\/p>\n\t\t\t\t\t\t\t\t<\/div>\n\t\t\t\t<\/div>\n\t\t\t\t<div class=\"elementor-element elementor-element-d8ce399 elementor-widget elementor-widget-text-editor\" data-id=\"d8ce399\" data-element_type=\"widget\" data-e-type=\"widget\" data-widget_type=\"text-editor.default\">\n\t\t\t\t<div class=\"elementor-widget-container\">\n\t\t\t\t\t\t\t\t\t<p><strong>Wir bieten den fide-Test t\u00e4glich an.<\/strong><\/p>\n\t\t\t\t\t\t\t\t<\/div>\n\t\t\t\t<\/div>\n\t\t\t\t<div class=\"elementor-element elementor-element-1566452 elementor-widget elementor-widget-button\" data-id=\"1566452\" data-element_type=\"widget\" data-e-type=\"widget\" data-widget_type=\"button.default\">\n\t\t\t\t<div class=\"elementor-widget-container\">\n\t\t\t\t\t\t\t\t\t<div class=\"elementor-button-wrapper\">\n\t\t\t\t\t<a class=\"elementor-button elementor-button-link elementor-size-sm\" href=\"https:\/\/italksprachschule.ch\/de\/enrol\/anmeldeformular-fide-test\/\">\n\t\t\t\t\t\t<span class=\"elementor-button-content-wrapper\">\n\t\t\t\t\t\t\t\t\t<span class=\"elementor-button-text\">Anmeldung zu einem fide-Test<\/span>\n\t\t\t\t\t<\/span>\n\t\t\t\t\t<\/a>\n\t\t\t\t<\/div>\n\t\t\t\t\t\t\t\t<\/div>\n\t\t\t\t<\/div>\n\t\t\t\t<div class=\"elementor-element elementor-element-5bda9f6 elementor-widget elementor-widget-text-editor\" data-id=\"5bda9f6\" data-element_type=\"widget\" data-e-type=\"widget\" data-widget_type=\"text-editor.default\">\n\t\t\t\t<div class=\"elementor-widget-container\">\n\t\t\t\t\t\t\t\t\t<p>Nachstehend finden Sie den A2-B1 Probetest:<\/p>\n\t\t\t\t\t\t\t\t<\/div>\n\t\t\t\t<\/div>\n\t\t\t\t<div class=\"elementor-element elementor-element-4b16d8a elementor-widget elementor-widget-html\" data-id=\"4b16d8a\" data-element_type=\"widget\" data-e-type=\"widget\" data-widget_type=\"html.default\">\n\t\t\t\t<div class=\"elementor-widget-container\">\n\t\t\t\t\t<iframe width=\"640px\" height=\"600px\" src=https:\/\/forms.office.com\/Pages\/ResponsePage.aspx?id=GOTzGGGM6E-wSVCAm3lxQiEuFG3v2phJk5WKdTZpmLtUOUlDQzdQUFIyOUVPRFBGOFhZWFBRWFE2Ty4u&embed=true frameborder=\"0\" marginwidth=\"0\" marginheight=\"0\" style=\"border: none; max-width:100%; max-height:100vh\" allowfullscreen webkitallowfullscreen mozallowfullscreen msallowfullscreen> <\/iframe>\t\t\t\t<\/div>\n\t\t\t\t<\/div>\n\t\t\t\t\t<\/div>\n\t\t<\/div>\n\t\t\t\t\t<\/div>\n\t\t<\/section>\n\t\t\t\t<\/div>\n\t\t","protected":false},"excerpt":{"rendered":"<p>Probetest Vorbereitung f\u00fcr den fide-Test A2-B1 Der Sprachenpass gilt in der Schweiz als Sprachnachweis f\u00fcr den Antrag einer B-Bewilligung, C-Bewilligung oder f\u00fcr die Einb\u00fcrgerung. Wir bieten den fide-Test t\u00e4glich an. Anmeldung zu einem fide-Test Nachstehend finden Sie den A2-B1 Probetest:<\/p>\n","protected":false},"author":6,"featured_media":0,"parent":0,"menu_order":0,"comment_status":"closed","ping_status":"closed","template":"elementor_header_footer","meta":{"footnotes":""},"class_list":["post-7641","page","type-page","status-publish","hentry"],"_links":{"self":[{"href":"https:\/\/italksprachschule.ch\/de\/wp-json\/wp\/v2\/pages\/7641","targetHints":{"allow":["GET"]}}],"collection":[{"href":"https:\/\/italksprachschule.ch\/de\/wp-json\/wp\/v2\/pages"}],"about":[{"href":"https:\/\/italksprachschule.ch\/de\/wp-json\/wp\/v2\/types\/page"}],"author":[{"embeddable":true,"href":"https:\/\/italksprachschule.ch\/de\/wp-json\/wp\/v2\/users\/6"}],"replies":[{"embeddable":true,"href":"https:\/\/italksprachschule.ch\/de\/wp-json\/wp\/v2\/comments?post=7641"}],"version-history":[{"count":6,"href":"https:\/\/italksprachschule.ch\/de\/wp-json\/wp\/v2\/pages\/7641\/revisions"}],"predecessor-version":[{"id":10497,"href":"https:\/\/italksprachschule.ch\/de\/wp-json\/wp\/v2\/pages\/7641\/revisions\/10497"}],"wp:attachment":[{"href":"https:\/\/italksprachschule.ch\/de\/wp-json\/wp\/v2\/media?parent=7641"}],"curies":[{"name":"wp","href":"https:\/\/api.w.org\/{rel}","templated":true}]}}

Probetest Vorbereitung für den fide-Test A2-B1

<div data-elementor-type="wp-page" data-elementor-id="7641" class="elementor elementor-7641 elementor-7599" data-elementor-post-type="page">
						<section class="elementor-section elementor-top-section elementor-element elementor-element-5f48951 elementor-section-height-min-height elementor-section-items-top elementor-section-boxed elementor-section-height-default" data-id="5f48951" data-element_type="section" data-e-type="section" data-settings="{&quot;background_background&quot;:&quot;classic&quot;}">
						<div class="elementor-container elementor-column-gap-default">
					<div class="elementor-column elementor-col-100 elementor-top-column elementor-element elementor-element-f88fe30" data-id="f88fe30" data-element_type="column" data-e-type="column" data-settings="{&quot;background_background&quot;:&quot;classic&quot;}">
			<div class="elementor-widget-wrap elementor-element-populated">
						<div class="elementor-element elementor-element-152cc7a elementor-widget elementor-widget-heading" data-id="152cc7a" data-element_type="widget" data-e-type="widget" data-widget_type="heading.default">
				<div class="elementor-widget-container">
					<h1 class="elementor-heading-title elementor-size-default">Probetest Vorbereitung für den fide-Test A2-B1</h1>				</div>
				</div>
					</div>
		</div>
					</div>
		</section>
				<section class="elementor-section elementor-top-section elementor-element elementor-element-d704d95 elementor-section-full_width elementor-section-height-default elementor-section-height-default" data-id="d704d95" data-element_type="section" data-e-type="section" data-settings="{&quot;background_background&quot;:&quot;classic&quot;}">
						<div class="elementor-container elementor-column-gap-no">
					<div class="elementor-column elementor-col-100 elementor-top-column elementor-element elementor-element-513f7aa" data-id="513f7aa" data-element_type="column" data-e-type="column">
			<div class="elementor-widget-wrap">
							</div>
		</div>
					</div>
		</section>
				<section class="elementor-section elementor-top-section elementor-element elementor-element-57f026f elementor-section-boxed elementor-section-height-default elementor-section-height-default" data-id="57f026f" data-element_type="section" data-e-type="section" data-settings="{&quot;background_background&quot;:&quot;classic&quot;}">
						<div class="elementor-container elementor-column-gap-wide">
					<div class="elementor-column elementor-col-100 elementor-top-column elementor-element elementor-element-b7b2756" data-id="b7b2756" data-element_type="column" data-e-type="column">
			<div class="elementor-widget-wrap elementor-element-populated">
						<div class="elementor-element elementor-element-682d2d4 elementor-widget elementor-widget-text-editor" data-id="682d2d4" data-element_type="widget" data-e-type="widget" data-widget_type="text-editor.default">
				<div class="elementor-widget-container">
									<p>Der Sprachenpass gilt in der Schweiz als Sprachnachweis für den Antrag einer B-Bewilligung, C-Bewilligung oder für die Einbürgerung.</p>
								</div>
				</div>
				<div class="elementor-element elementor-element-d8ce399 elementor-widget elementor-widget-text-editor" data-id="d8ce399" data-element_type="widget" data-e-type="widget" data-widget_type="text-editor.default">
				<div class="elementor-widget-container">
									<p><strong>Wir bieten den fide-Test täglich an.</strong></p>
								</div>
				</div>
				<div class="elementor-element elementor-element-1566452 elementor-widget elementor-widget-button" data-id="1566452" data-element_type="widget" data-e-type="widget" data-widget_type="button.default">
				<div class="elementor-widget-container">
									<div class="elementor-button-wrapper">
					<a class="elementor-button elementor-button-link elementor-size-sm" href="https://italksprachschule.ch/de/enrol/anmeldeformular-fide-test/">
						<span class="elementor-button-content-wrapper">
									<span class="elementor-button-text">Anmeldung zu einem fide-Test</span>
					</span>
					</a>
				</div>
								</div>
				</div>
				<div class="elementor-element elementor-element-5bda9f6 elementor-widget elementor-widget-text-editor" data-id="5bda9f6" data-element_type="widget" data-e-type="widget" data-widget_type="text-editor.default">
				<div class="elementor-widget-container">
									<p>Nachstehend finden Sie den A2-B1 Probetest:</p>
								</div>
				</div>
				<div class="elementor-element elementor-element-4b16d8a elementor-widget elementor-widget-html" data-id="4b16d8a" data-element_type="widget" data-e-type="widget" data-widget_type="html.default">
				<div class="elementor-widget-container">
					<iframe width="640px" height="600px" src=https://forms.office.com/Pages/ResponsePage.aspx?id=GOTzGGGM6E-wSVCAm3lxQiEuFG3v2phJk5WKdTZpmLtUOUlDQzdQUFIyOUVPRFBGOFhZWFBRWFE2Ty4u&embed=true frameborder="0" marginwidth="0" marginheight="0" style="border: none; max-width:100%; max-height:100vh" allowfullscreen webkitallowfullscreen mozallowfullscreen msallowfullscreen> </iframe>				</div>
				</div>
					</div>
		</div>
					</div>
		</section>
				</div>

<p>Probetest Vorbereitung für den fide-Test A2-B1 Der Sprachenpass gilt in der Schweiz als Sprachnachweis für den Antrag einer B-Bewilligung, C-Bewilligung oder für die Einbürgerung. Wir bieten den fide-Test täglich an. Anmeldung zu einem fide-Test Nachstehend finden Sie den A2-B1 Probetest:</p>
