{"id":961,"date":"2018-02-24T11:51:15","date_gmt":"2018-02-24T11:51:15","guid":{"rendered":"https:\/\/www.italksprachschule.ch\/about-us\/"},"modified":"2025-09-05T12:59:30","modified_gmt":"2025-09-05T10:59:30","slug":"uber-uns","status":"publish","type":"page","link":"https:\/\/italksprachschule.ch\/de\/uber-uns\/","title":{"rendered":"\u00dcber uns"},"content":{"rendered":"\t\t<div data-elementor-type=\"wp-page\" data-elementor-id=\"961\" class=\"elementor elementor-961 elementor-628\" data-elementor-post-type=\"page\">\n\t\t\t\t\t\t<section class=\"elementor-section elementor-top-section elementor-element elementor-element-6a12e227 elementor-section-boxed elementor-section-height-default elementor-section-height-default\" data-id=\"6a12e227\" data-element_type=\"section\" data-e-type=\"section\">\n\t\t\t\t\t\t<div class=\"elementor-container elementor-column-gap-wider\">\n\t\t\t\t\t<div class=\"elementor-column elementor-col-50 elementor-top-column elementor-element elementor-element-6fed5f84\" data-id=\"6fed5f84\" data-element_type=\"column\" data-e-type=\"column\">\n\t\t\t<div class=\"elementor-widget-wrap elementor-element-populated\">\n\t\t\t\t\t\t<div class=\"elementor-element elementor-element-6900dc15 elementor-widget elementor-widget-text-editor\" data-id=\"6900dc15\" data-element_type=\"widget\" data-e-type=\"widget\" data-widget_type=\"text-editor.default\">\n\t\t\t\t<div class=\"elementor-widget-container\">\n\t\t\t\t\t\t\t\t\t<p>Wir sind eine Sprachschule im Herzen Z\u00fcrichs. Unser Ziel ist es, unseren Kurstelnehmende den bestm\u00f6glichen Unterricht zu bieten und ihre Kommunikationsf\u00e4higkeiten zu verbessern \u2013 denn das ist im allt\u00e4glichen Umfeld oft nicht einfach. Um dieses Ziel zu erreichen, haben wir unsere eigene und einzigartige Methode entwickelt.<\/p>\n<p>Alle unsere Sprachlehrer sind qualifizierte Lehrkr\u00e4fte und werden von der akademischen Leitung Valentina Kaptein geleitet, die jahrelange Erfahrungen als Sprachlehrerin mitbringt. Alle unsere Sprachlehrer bilden sich laufend weiter. Wir sind stolz darauf, ein entspanntes und freundliches Arbeitsumfeld zu schaffen, in dem sich Angestellte und Kurstelnehmende wohlf\u00fchlen.<\/p>\n\t\t\t\t\t\t\t\t<\/div>\n\t\t\t\t<\/div>\n\t\t\t\t\t<\/div>\n\t\t<\/div>\n\t\t\t\t<div class=\"elementor-column elementor-col-50 elementor-top-column elementor-element elementor-element-a102eff\" data-id=\"a102eff\" data-element_type=\"column\" data-e-type=\"column\">\n\t\t\t<div class=\"elementor-widget-wrap elementor-element-populated\">\n\t\t\t\t\t\t<div class=\"elementor-element elementor-element-ccc7d5f elementor-widget elementor-widget-image\" data-id=\"ccc7d5f\" data-element_type=\"widget\" data-e-type=\"widget\" data-widget_type=\"image.default\">\n\t\t\t\t<div class=\"elementor-widget-container\">\n\t\t\t\t\t\t\t\t\t\t\t\t\t\t\t<img fetchpriority=\"high\" decoding=\"async\" width=\"800\" height=\"450\" src=\"https:\/\/italksprachschule.ch\/wp-content\/uploads\/2018\/04\/24900040_519117255120778_2044686799496042243_n.jpg\" class=\"attachment-large size-large wp-image-3897\" alt=\"\" srcset=\"https:\/\/italksprachschule.ch\/wp-content\/uploads\/2018\/04\/24900040_519117255120778_2044686799496042243_n.jpg 960w, https:\/\/italksprachschule.ch\/wp-content\/uploads\/2018\/04\/24900040_519117255120778_2044686799496042243_n-460x259.jpg 460w, https:\/\/italksprachschule.ch\/wp-content\/uploads\/2018\/04\/24900040_519117255120778_2044686799496042243_n-768x432.jpg 768w, https:\/\/italksprachschule.ch\/wp-content\/uploads\/2018\/04\/24900040_519117255120778_2044686799496042243_n-600x338.jpg 600w, https:\/\/italksprachschule.ch\/wp-content\/uploads\/2018\/04\/24900040_519117255120778_2044686799496042243_n-120x68.jpg 120w, https:\/\/italksprachschule.ch\/wp-content\/uploads\/2018\/04\/24900040_519117255120778_2044686799496042243_n-310x174.jpg 310w\" sizes=\"(max-width: 800px) 100vw, 800px\" \/>\t\t\t\t\t\t\t\t\t\t\t\t\t\t\t<\/div>\n\t\t\t\t<\/div>\n\t\t\t\t\t<\/div>\n\t\t<\/div>\n\t\t\t\t\t<\/div>\n\t\t<\/section>\n\t\t\t\t<section class=\"elementor-section elementor-top-section elementor-element elementor-element-3885141 elementor-section-boxed elementor-section-height-default elementor-section-height-default\" data-id=\"3885141\" data-element_type=\"section\" data-e-type=\"section\">\n\t\t\t\t\t\t<div class=\"elementor-container elementor-column-gap-wider\">\n\t\t\t\t\t<div class=\"elementor-column elementor-col-100 elementor-top-column elementor-element elementor-element-c2671be\" data-id=\"c2671be\" data-element_type=\"column\" data-e-type=\"column\">\n\t\t\t<div class=\"elementor-widget-wrap elementor-element-populated\">\n\t\t\t\t\t\t<div class=\"elementor-element elementor-element-f6739c9 elementor-widget elementor-widget-text-editor\" data-id=\"f6739c9\" data-element_type=\"widget\" data-e-type=\"widget\" data-widget_type=\"text-editor.default\">\n\t\t\t\t<div class=\"elementor-widget-container\">\n\t\t\t\t\t\t\t\t\t<h2>Unser Ziel:<\/h2><br><br><blockquote><em> \u201cF\u00fcr uns steht der einzelne Teilnehmende im Mittelpunkt. Wir wollen den individuellen Bed\u00fcrfnissen des Teilnehmenden gerecht werden und ihm zur Verwirklichung seiner Lernziele alle Hilfe und Unterst\u00fctzung bieten. Wir streben immer danach, neue Methoden anzuwenden, um das Lernen innovativer zu gestalten.\u201d<\/em><\/blockquote><br><br><h3>Hier sind R\u00fcckmeldungen der Teilnehmenden betreffend Kursleitung <\/h3><br>\t\t\t\t\t\t\t\t<\/div>\n\t\t\t\t<\/div>\n\t\t\t\t<div class=\"elementor-element elementor-element-50096b6 elementor-widget elementor-widget-image\" data-id=\"50096b6\" data-element_type=\"widget\" data-e-type=\"widget\" data-widget_type=\"image.default\">\n\t\t\t\t<div class=\"elementor-widget-container\">\n\t\t\t\t\t\t\t\t\t\t\t\t\t\t\t<img decoding=\"async\" width=\"689\" height=\"476\" src=\"https:\/\/italksprachschule.ch\/wp-content\/uploads\/2021\/01\/Deutsch.png\" class=\"attachment-large size-large wp-image-3858\" alt=\"\" srcset=\"https:\/\/italksprachschule.ch\/wp-content\/uploads\/2021\/01\/Deutsch.png 689w, https:\/\/italksprachschule.ch\/wp-content\/uploads\/2021\/01\/Deutsch-300x207.png 300w\" sizes=\"(max-width: 689px) 100vw, 689px\" \/>\t\t\t\t\t\t\t\t\t\t\t\t\t\t\t<\/div>\n\t\t\t\t<\/div>\n\t\t\t\t<div class=\"elementor-element elementor-element-66d2a51 elementor-widget elementor-widget-text-editor\" data-id=\"66d2a51\" data-element_type=\"widget\" data-e-type=\"widget\" data-widget_type=\"text-editor.default\">\n\t\t\t\t<div class=\"elementor-widget-container\">\n\t\t\t\t\t\t\t\t\t<p>Bevor wir den Interessierten einen Kursplatz in unserer Schule anbieten k\u00f6nnen, m\u00fcssen wir ihr aktuelles Sprachniveau \u00fcberpr\u00fcfen. Es ist unser Ziel, homogene Gruppen f\u00fcr jedes Niveau zu bilden. Am Ende jedes Kurses m\u00fcssen Sie eine Abschlusspr\u00fcfung ablegen, um den Folgekurs besuchen zu k\u00f6nnen.<\/p>\n<p>Bei der Gesamtzahl der Teilnehmenden, die von 2017 bis heute in unseren Kursen eingeschrieben waren, lag die Durchschnittsnote der Abschlusspr\u00fcfung bei 86%. Unsere Abschlusspr\u00fcfung basiert auf einer verk\u00fcrzten TELC-Pr\u00fcfung.<\/p>\n<p>Die TELC-Pr\u00fcfung kann bis zu f\u00fcnf Stunden dauern, was eine besondere Vorbereitung erfordert, w\u00e4hrend unsere Pr\u00fcfung nur eine Stunde dauert. Wir befolgen auch die Richtlinien des Gemeinsamen europ\u00e4ischen Referenzrahmens f\u00fcr Sprachen in Bezug auf die Pr\u00fcfungen.<\/p>\n\t\t\t\t\t\t\t\t<\/div>\n\t\t\t\t<\/div>\n\t\t\t\t\t<\/div>\n\t\t<\/div>\n\t\t\t\t\t<\/div>\n\t\t<\/section>\n\t\t\t\t<\/div>\n\t\t","protected":false},"excerpt":{"rendered":"<p>Wir sind eine Sprachschule im Herzen Z\u00fcrichs. Unser Ziel ist es, unseren Kurstelnehmende den bestm\u00f6glichen Unterricht zu bieten und ihre Kommunikationsf\u00e4higkeiten zu verbessern \u2013 denn das ist im allt\u00e4glichen Umfeld oft nicht einfach. Um dieses Ziel zu erreichen, haben wir unsere eigene und einzigartige Methode entwickelt. Alle unsere Sprachlehrer sind qualifizierte Lehrkr\u00e4fte und werden von [&hellip;]<\/p>\n","protected":false},"author":1,"featured_media":0,"parent":0,"menu_order":0,"comment_status":"closed","ping_status":"closed","template":"","meta":{"footnotes":""},"class_list":["post-961","page","type-page","status-publish","hentry"],"_links":{"self":[{"href":"https:\/\/italksprachschule.ch\/de\/wp-json\/wp\/v2\/pages\/961","targetHints":{"allow":["GET"]}}],"collection":[{"href":"https:\/\/italksprachschule.ch\/de\/wp-json\/wp\/v2\/pages"}],"about":[{"href":"https:\/\/italksprachschule.ch\/de\/wp-json\/wp\/v2\/types\/page"}],"author":[{"embeddable":true,"href":"https:\/\/italksprachschule.ch\/de\/wp-json\/wp\/v2\/users\/1"}],"replies":[{"embeddable":true,"href":"https:\/\/italksprachschule.ch\/de\/wp-json\/wp\/v2\/comments?post=961"}],"version-history":[{"count":38,"href":"https:\/\/italksprachschule.ch\/de\/wp-json\/wp\/v2\/pages\/961\/revisions"}],"predecessor-version":[{"id":10699,"href":"https:\/\/italksprachschule.ch\/de\/wp-json\/wp\/v2\/pages\/961\/revisions\/10699"}],"wp:attachment":[{"href":"https:\/\/italksprachschule.ch\/de\/wp-json\/wp\/v2\/media?parent=961"}],"curies":[{"name":"wp","href":"https:\/\/api.w.org\/{rel}","templated":true}]}}

Über uns

<div data-elementor-type="wp-page" data-elementor-id="961" class="elementor elementor-961 elementor-628" data-elementor-post-type="page">
						<section class="elementor-section elementor-top-section elementor-element elementor-element-6a12e227 elementor-section-boxed elementor-section-height-default elementor-section-height-default" data-id="6a12e227" data-element_type="section" data-e-type="section">
						<div class="elementor-container elementor-column-gap-wider">
					<div class="elementor-column elementor-col-50 elementor-top-column elementor-element elementor-element-6fed5f84" data-id="6fed5f84" data-element_type="column" data-e-type="column">
			<div class="elementor-widget-wrap elementor-element-populated">
						<div class="elementor-element elementor-element-6900dc15 elementor-widget elementor-widget-text-editor" data-id="6900dc15" data-element_type="widget" data-e-type="widget" data-widget_type="text-editor.default">
				<div class="elementor-widget-container">
									<p>Wir sind eine Sprachschule im Herzen Zürichs. Unser Ziel ist es, unseren Kurstelnehmende den bestmöglichen Unterricht zu bieten und ihre Kommunikationsfähigkeiten zu verbessern – denn das ist im alltäglichen Umfeld oft nicht einfach. Um dieses Ziel zu erreichen, haben wir unsere eigene und einzigartige Methode entwickelt.</p>
<p>Alle unsere Sprachlehrer sind qualifizierte Lehrkräfte und werden von der akademischen Leitung Valentina Kaptein geleitet, die jahrelange Erfahrungen als Sprachlehrerin mitbringt. Alle unsere Sprachlehrer bilden sich laufend weiter. Wir sind stolz darauf, ein entspanntes und freundliches Arbeitsumfeld zu schaffen, in dem sich Angestellte und Kurstelnehmende wohlfühlen.</p>
								</div>
				</div>
					</div>
		</div>
				<div class="elementor-column elementor-col-50 elementor-top-column elementor-element elementor-element-a102eff" data-id="a102eff" data-element_type="column" data-e-type="column">
			<div class="elementor-widget-wrap elementor-element-populated">
						<div class="elementor-element elementor-element-ccc7d5f elementor-widget elementor-widget-image" data-id="ccc7d5f" data-element_type="widget" data-e-type="widget" data-widget_type="image.default">
				<div class="elementor-widget-container">
															<img fetchpriority="high" decoding="async" width="800" height="450" src="https://italksprachschule.ch/wp-content/uploads/2018/04/24900040_519117255120778_2044686799496042243_n.jpg" class="attachment-large size-large wp-image-3897" alt="" srcset="https://italksprachschule.ch/wp-content/uploads/2018/04/24900040_519117255120778_2044686799496042243_n.jpg 960w, https://italksprachschule.ch/wp-content/uploads/2018/04/24900040_519117255120778_2044686799496042243_n-460x259.jpg 460w, https://italksprachschule.ch/wp-content/uploads/2018/04/24900040_519117255120778_2044686799496042243_n-768x432.jpg 768w, https://italksprachschule.ch/wp-content/uploads/2018/04/24900040_519117255120778_2044686799496042243_n-600x338.jpg 600w, https://italksprachschule.ch/wp-content/uploads/2018/04/24900040_519117255120778_2044686799496042243_n-120x68.jpg 120w, https://italksprachschule.ch/wp-content/uploads/2018/04/24900040_519117255120778_2044686799496042243_n-310x174.jpg 310w" sizes="(max-width: 800px) 100vw, 800px" />															</div>
				</div>
					</div>
		</div>
					</div>
		</section>
				<section class="elementor-section elementor-top-section elementor-element elementor-element-3885141 elementor-section-boxed elementor-section-height-default elementor-section-height-default" data-id="3885141" data-element_type="section" data-e-type="section">
						<div class="elementor-container elementor-column-gap-wider">
					<div class="elementor-column elementor-col-100 elementor-top-column elementor-element elementor-element-c2671be" data-id="c2671be" data-element_type="column" data-e-type="column">
			<div class="elementor-widget-wrap elementor-element-populated">
						<div class="elementor-element elementor-element-f6739c9 elementor-widget elementor-widget-text-editor" data-id="f6739c9" data-element_type="widget" data-e-type="widget" data-widget_type="text-editor.default">
				<div class="elementor-widget-container">
									<h2>Unser Ziel:</h2><br><br><blockquote><em> “Für uns steht der einzelne Teilnehmende im Mittelpunkt. Wir wollen den individuellen Bedürfnissen des Teilnehmenden gerecht werden und ihm zur Verwirklichung seiner Lernziele alle Hilfe und Unterstützung bieten. Wir streben immer danach, neue Methoden anzuwenden, um das Lernen innovativer zu gestalten.”</em></blockquote><br><br><h3>Hier sind Rückmeldungen der Teilnehmenden betreffend Kursleitung </h3><br>								</div>
				</div>
				<div class="elementor-element elementor-element-50096b6 elementor-widget elementor-widget-image" data-id="50096b6" data-element_type="widget" data-e-type="widget" data-widget_type="image.default">
				<div class="elementor-widget-container">
															<img decoding="async" width="689" height="476" src="https://italksprachschule.ch/wp-content/uploads/2021/01/Deutsch.png" class="attachment-large size-large wp-image-3858" alt="" srcset="https://italksprachschule.ch/wp-content/uploads/2021/01/Deutsch.png 689w, https://italksprachschule.ch/wp-content/uploads/2021/01/Deutsch-300x207.png 300w" sizes="(max-width: 689px) 100vw, 689px" />															</div>
				</div>
				<div class="elementor-element elementor-element-66d2a51 elementor-widget elementor-widget-text-editor" data-id="66d2a51" data-element_type="widget" data-e-type="widget" data-widget_type="text-editor.default">
				<div class="elementor-widget-container">
									<p>Bevor wir den Interessierten einen Kursplatz in unserer Schule anbieten können, müssen wir ihr aktuelles Sprachniveau überprüfen. Es ist unser Ziel, homogene Gruppen für jedes Niveau zu bilden. Am Ende jedes Kurses müssen Sie eine Abschlussprüfung ablegen, um den Folgekurs besuchen zu können.</p>
<p>Bei der Gesamtzahl der Teilnehmenden, die von 2017 bis heute in unseren Kursen eingeschrieben waren, lag die Durchschnittsnote der Abschlussprüfung bei 86%. Unsere Abschlussprüfung basiert auf einer verkürzten TELC-Prüfung.</p>
<p>Die TELC-Prüfung kann bis zu fünf Stunden dauern, was eine besondere Vorbereitung erfordert, während unsere Prüfung nur eine Stunde dauert. Wir befolgen auch die Richtlinien des Gemeinsamen europäischen Referenzrahmens für Sprachen in Bezug auf die Prüfungen.</p>
								</div>
				</div>
					</div>
		</div>
					</div>
		</section>
				</div>

<p>Wir sind eine Sprachschule im Herzen Zürichs. Unser Ziel ist es, unseren Kurstelnehmende den bestmöglichen Unterricht zu bieten und ihre Kommunikationsfähigkeiten zu verbessern – denn das ist im alltäglichen Umfeld oft nicht einfach. Um dieses Ziel zu erreichen, haben wir unsere eigene und einzigartige Methode entwickelt. Alle unsere Sprachlehrer sind qualifizierte Lehrkräfte und werden von [&hellip;]</p>
